Last updated on 2023-12-04 00:52:55 CET.
Flavor | Version | Tinstall | Tcheck | Ttotal | Status | Flags |
---|---|---|---|---|---|---|
r-devel-linux-x86_64-debian-clang | 1.0.11 | 76.87 | 688.17 | 765.04 | OK | |
r-devel-linux-x86_64-debian-gcc | 1.0.11 | 64.72 | 514.30 | 579.02 | OK | |
r-devel-linux-x86_64-fedora-clang | 1.0.11 | 725.54 | OK | |||
r-devel-linux-x86_64-fedora-gcc | 1.0.11 | 783.70 | OK | |||
r-devel-windows-x86_64 | 1.0.11 | 63.00 | 479.00 | 542.00 | OK | |
r-patched-linux-x86_64 | 1.0.11 | 61.37 | 658.03 | 719.40 | OK | |
r-release-linux-x86_64 | 1.0.11 | 58.19 | 666.43 | 724.62 | OK | |
r-release-macos-arm64 | 1.0.11 | 14.00 | ERROR | |||
r-release-macos-x86_64 | 1.0.11 | 10.00 | ERROR | |||
r-release-windows-x86_64 | 1.0.11 | 83.00 | 632.00 | 715.00 | OK | |
r-oldrel-macos-arm64 | 1.0.11 | 202.00 | OK | |||
r-oldrel-macos-x86_64 | 1.0.11 | 281.00 | OK | |||
r-oldrel-windows-x86_64 | 1.0.11 | 84.00 | 571.00 | 655.00 | OK |
Version: 1.0.11
Check: package dependencies
Result: ERROR
Package required but not available: ‘GSVA’
See section ‘The DESCRIPTION file’ in the ‘Writing R Extensions’
manual.
Flavors: r-release-macos-arm64, r-release-macos-x86_64