Last updated on 2023-11-30 18:49:44 CET.
Flavor | Version | Tinstall | Tcheck | Ttotal | Status | Flags |
---|---|---|---|---|---|---|
r-devel-linux-x86_64-debian-clang | 0.60.0 | 14.96 | 119.25 | 134.21 | OK | |
r-devel-linux-x86_64-debian-gcc | 0.60.0 | 11.65 | 87.57 | 99.22 | OK | |
r-devel-linux-x86_64-fedora-clang | 0.60.0 | 175.20 | NOTE | |||
r-devel-linux-x86_64-fedora-gcc | 0.60.0 | 158.26 | NOTE | |||
r-devel-windows-x86_64 | 0.60.0 | 16.00 | 110.00 | 126.00 | OK | |
r-patched-linux-x86_64 | 0.60.0 | 22.42 | 112.22 | 134.64 | OK | |
r-release-linux-x86_64 | 0.60.0 | 10.54 | 111.73 | 122.27 | OK | |
r-release-macos-arm64 | 0.60.0 | 47.00 | OK | |||
r-release-macos-x86_64 | 0.60.0 | 103.00 | OK | |||
r-release-windows-x86_64 | 0.60.0 | 19.00 | 131.00 | 150.00 | OK | |
r-oldrel-macos-arm64 | 0.60.0 | 45.00 | OK | |||
r-oldrel-macos-x86_64 | 0.60.0 | 63.00 | OK | |||
r-oldrel-windows-x86_64 | 0.60.0 | 20.00 | 120.00 | 140.00 | OK |
Version: 0.60.0
Check: data for non-ASCII characters
Result: NOTE
Note: found 1 marked UTF-8 string
Flavors: r-devel-linux-x86_64-fedora-clang, r-devel-linux-x86_64-fedora-gcc