CRAN Package Check Results for Package scorecardModelUtils

Last updated on 2023-06-02 20:56:37 CEST.

Flavor Version Tinstall Tcheck Ttotal Status Flags
r-devel-linux-x86_64-debian-clang 0.0.1.0 13.93 119.56 133.49 NOTE
r-devel-linux-x86_64-debian-gcc 0.0.1.0 11.19 90.44 101.63 NOTE
r-devel-linux-x86_64-fedora-clang 0.0.1.0 168.02 NOTE
r-devel-linux-x86_64-fedora-gcc 0.0.1.0 157.49 NOTE
r-devel-windows-x86_64 0.0.1.0 15.00 105.00 120.00 NOTE
r-patched-linux-x86_64 0.0.1.0 NOTE
r-release-linux-x86_64 0.0.1.0 14.60 112.70 127.30 NOTE
r-release-macos-arm64 0.0.1.0 48.00 NOTE
r-release-macos-x86_64 0.0.1.0 79.00 NOTE
r-release-windows-x86_64 0.0.1.0 18.00 128.00 146.00 NOTE
r-oldrel-macos-arm64 0.0.1.0 43.00 NOTE
r-oldrel-macos-x86_64 0.0.1.0 79.00 NOTE
r-oldrel-windows-x86_64 0.0.1.0 18.00 128.00 146.00 NOTE

Check Details

Version: 0.0.1.0
Check: LazyData
Result: NOTE
     'LazyData' is specified without a 'data' directory
Flavors: r-devel-linux-x86_64-debian-clang, r-devel-linux-x86_64-debian-gcc, r-devel-linux-x86_64-fedora-clang, r-devel-linux-x86_64-fedora-gcc, r-devel-windows-x86_64, r-patched-linux-x86_64, r-release-linux-x86_64, r-release-macos-arm64, r-release-macos-x86_64, r-release-windows-x86_64, r-oldrel-macos-arm64, r-oldrel-macos-x86_64, r-oldrel-windows-x86_64