Last updated on 2023-12-02 18:53:56 CET.
Flavor | Version | Tinstall | Tcheck | Ttotal | Status | Flags |
---|---|---|---|---|---|---|
r-devel-linux-x86_64-debian-clang | 0.0.1 | 15.59 | 520.45 | 536.04 | NOTE | |
r-devel-linux-x86_64-debian-gcc | 0.0.1 | 8.05 | 410.97 | 419.02 | NOTE | |
r-devel-linux-x86_64-fedora-clang | 0.0.1 | 607.52 | OK | |||
r-devel-linux-x86_64-fedora-gcc | 0.0.1 | 722.62 | OK | |||
r-devel-windows-x86_64 | 0.0.1 | 14.00 | 409.00 | 423.00 | OK | |
r-patched-linux-x86_64 | 0.0.1 | 10.81 | 529.78 | 540.59 | OK | |
r-release-linux-x86_64 | 0.0.1 | 9.71 | 529.39 | 539.10 | OK | |
r-release-macos-arm64 | 0.0.1 | 239.00 | OK | |||
r-release-macos-x86_64 | 0.0.1 | 343.00 | OK | |||
r-release-windows-x86_64 | 0.0.1 | 18.00 | 693.00 | 711.00 | OK | |
r-oldrel-macos-arm64 | 0.0.1 | 164.00 | OK | |||
r-oldrel-macos-x86_64 | 0.0.1 | 253.00 | OK | |||
r-oldrel-windows-x86_64 | 0.0.1 | 17.00 | 687.00 | 704.00 | OK |
Version: 0.0.1
Check: Rd files
Result: NOTE
checkRd: (-1) HclustDepart.Rd:23: Lost braces; missing escapes or markup?
23 | \item{\code{res2}}: {a data frame contains two columns: names (cell names) and clusters (cluster label)}
| ^
checkRd: (-1) HclustDepart.Rd:24-26: Lost braces
24 | \item{\code{sigclust_p}}: {a matrix with cells to cluster as rows, split index as columns,
| ^
checkRd: (-1) HclustDepart.Rd:27-29: Lost braces
27 | \item{\code{sigclust_z}}: {a matrix with cells to cluster as rows, split index as columns,
| ^
checkRd: (-1) LouvainDepart.Rd:38: Lost braces; missing escapes or markup?
38 | \item{\code{sdata}}: {a Seurat object}
| ^
checkRd: (-1) LouvainDepart.Rd:39-40: Lost braces
39 | \item{\code{tsne_data}}: {a matrix containing t-SNE dimension reduction results,
| ^
checkRd: (-1) LouvainDepart.Rd:41-42: Lost braces
41 | \item{\code{umap_data}}: {a matrix containing UMAP dimension reduction results,
| ^
checkRd: (-1) LouvainDepart.Rd:43: Lost braces; missing escapes or markup?
43 | \item{\code{res_clust}}: {a data frame contains two columns: names (cell names) and clusters (cluster label)}
| ^
checkRd: (-1) sigp.Rd:19: Lost braces; missing escapes or markup?
19 | \item{\code{p}}: {p-value for the first split}
| ^
checkRd: (-1) sigp.Rd:20: Lost braces; missing escapes or markup?
20 | \item{\code{z}}: {z-score for the first split}
| ^
checkRd: (-1) sigp.Rd:21: Lost braces
21 | \item{\code{shc_result}}: {a \code{shc} S3-object as defined in sigclust2 package}
| ^
checkRd: (-1) sigp.Rd:22: Lost braces; missing escapes or markup?
22 | \item{\code{clust2}}: {a vector with group index for each cell}
| ^
checkRd: (-1) sigp.Rd:23: Lost braces; missing escapes or markup?
23 | \item{\code{clust_dat}}: {a matrix of data representation used as input for hierarchical clustering}
| ^
Flavors: r-devel-linux-x86_64-debian-clang, r-devel-linux-x86_64-debian-gcc