CRAN Package Check Results for Package sdPrior

Last updated on 2024-02-24 18:55:03 CET.

Flavor Version Tinstall Tcheck Ttotal Status Flags
r-devel-linux-x86_64-debian-clang 1.0-0 7.73 98.37 106.10 NOTE
r-devel-linux-x86_64-debian-gcc 1.0-0 8.38 75.52 83.90 NOTE
r-devel-linux-x86_64-fedora-clang 1.0-0 136.01 NOTE
r-devel-linux-x86_64-fedora-gcc 1.0-0 132.78 NOTE
r-devel-windows-x86_64 1.0-0 10.00 91.00 101.00 NOTE
r-patched-linux-x86_64 1.0-0 12.08 99.19 111.27 NOTE
r-release-linux-x86_64 1.0-0 9.77 96.64 106.41 NOTE
r-release-macos-arm64 1.0-0 44.00 NOTE
r-release-macos-x86_64 1.0-0 69.00 NOTE
r-release-windows-x86_64 1.0-0 12.00 108.00 120.00 NOTE
r-oldrel-macos-arm64 1.0-0 36.00 NOTE
r-oldrel-windows-x86_64 1.0-0 12.00 109.00 121.00 NOTE

Check Details

Version: 1.0-0
Check: Rd files
Result: NOTE checkRd: (-1) hyperpar.Rd:17: Lost braces 17 | \item{c}{denotes the expected range of eqn{f} .} | ^ Flavors: r-devel-linux-x86_64-debian-clang, r-devel-linux-x86_64-debian-gcc

Version: 1.0-0
Check: LazyData
Result: NOTE 'LazyData' is specified without a 'data' directory Flavors: r-devel-linux-x86_64-debian-clang, r-devel-linux-x86_64-debian-gcc, r-devel-linux-x86_64-fedora-clang, r-devel-linux-x86_64-fedora-gcc, r-devel-windows-x86_64, r-patched-linux-x86_64, r-release-linux-x86_64, r-release-macos-arm64, r-release-macos-x86_64, r-release-windows-x86_64, r-oldrel-macos-arm64, r-oldrel-windows-x86_64