Last updated on 2023-11-30 18:49:44 CET.
Flavor | Version | Tinstall | Tcheck | Ttotal | Status | Flags |
---|---|---|---|---|---|---|
r-devel-linux-x86_64-debian-clang | 0.2.0 | 4.37 | 44.38 | 48.75 | NOTE | |
r-devel-linux-x86_64-debian-gcc | 0.2.0 | 3.85 | 34.34 | 38.19 | NOTE | |
r-devel-linux-x86_64-fedora-clang | 0.2.0 | 65.72 | NOTE | |||
r-devel-linux-x86_64-fedora-gcc | 0.2.0 | 59.47 | NOTE | |||
r-devel-windows-x86_64 | 0.2.0 | 6.00 | 59.00 | 65.00 | OK | |
r-patched-linux-x86_64 | 0.2.0 | 3.76 | 42.18 | 45.94 | OK | |
r-release-linux-x86_64 | 0.2.0 | 4.82 | 41.82 | 46.64 | OK | |
r-release-macos-arm64 | 0.2.0 | 24.00 | OK | |||
r-release-macos-x86_64 | 0.2.0 | 32.00 | OK | |||
r-release-windows-x86_64 | 0.2.0 | 9.00 | 72.00 | 81.00 | OK | |
r-oldrel-macos-arm64 | 0.2.0 | 32.00 | NOTE | |||
r-oldrel-macos-x86_64 | 0.2.0 | 34.00 | NOTE | |||
r-oldrel-windows-x86_64 | 0.2.0 | 8.00 | 66.00 | 74.00 | OK |
Version: 0.2.0
Check: Rd files
Result: NOTE
checkRd: (-1) geom_flat_violin.Rd:7: Lost braces
7 | url{https://gist.github.com/dgrtwo/eb7750e74997891d7c20}
| ^
Flavors: r-devel-linux-x86_64-debian-clang, r-devel-linux-x86_64-debian-gcc
Version: 0.2.0
Check: data for non-ASCII characters
Result: NOTE
Note: found 1 marked UTF-8 string
Flavors: r-devel-linux-x86_64-fedora-clang, r-devel-linux-x86_64-fedora-gcc, r-oldrel-macos-arm64, r-oldrel-macos-x86_64