Last updated on 2023-12-04 00:52:55 CET.
Flavor | Version | Tinstall | Tcheck | Ttotal | Status | Flags |
---|---|---|---|---|---|---|
r-devel-linux-x86_64-debian-clang | 0.32.6 | 100.66 | 179.31 | 279.97 | OK | |
r-devel-linux-x86_64-debian-gcc | 0.32.6 | 68.57 | 133.48 | 202.05 | OK | |
r-devel-linux-x86_64-fedora-clang | 0.32.6 | 389.32 | OK | |||
r-devel-linux-x86_64-fedora-gcc | 0.32.6 | 363.65 | OK | |||
r-devel-windows-x86_64 | 0.32.6 | 84.00 | 167.00 | 251.00 | OK | |
r-patched-linux-x86_64 | 0.32.6 | 61.63 | 168.92 | 230.55 | OK | |
r-release-linux-x86_64 | 0.32.6 | 62.43 | 167.98 | 230.41 | OK | |
r-release-macos-arm64 | 0.32.6 | 95.00 | NOTE | |||
r-release-macos-x86_64 | 0.32.6 | 186.00 | NOTE | |||
r-release-windows-x86_64 | 0.32.6 | 105.00 | 209.00 | 314.00 | OK | |
r-oldrel-macos-arm64 | 0.32.6 | 81.00 | NOTE | |||
r-oldrel-macos-x86_64 | 0.32.6 | 133.00 | NOTE | |||
r-oldrel-windows-x86_64 | 0.32.6 | 91.00 | 190.00 | 281.00 | OK |
Version: 0.32.6
Check: installed package size
Result: NOTE
installed size is 7.7Mb
sub-directories of 1Mb or more:
R 2.0Mb
libs 5.3Mb
Flavors: r-release-macos-arm64, r-release-macos-x86_64, r-oldrel-macos-arm64, r-oldrel-macos-x86_64