CRAN Package Check Results for Package sem

Last updated on 2024-02-21 18:51:17 CET.

Flavor Version Tinstall Tcheck Ttotal Status Flags
r-devel-linux-x86_64-debian-clang 3.1-15 NOTE
r-devel-linux-x86_64-debian-gcc 3.1-15 21.31 104.75 126.06 NOTE
r-devel-linux-x86_64-fedora-clang 3.1-15 204.97 OK
r-devel-linux-x86_64-fedora-gcc 3.1-15 199.59 OK
r-devel-windows-x86_64 3.1-15 25.00 130.00 155.00 OK
r-patched-linux-x86_64 3.1-15 33.62 139.91 173.53 OK
r-release-linux-x86_64 3.1-15 23.86 138.59 162.45 OK
r-release-macos-arm64 3.1-15 63.00 OK
r-release-macos-x86_64 3.1-15 103.00 OK
r-release-windows-x86_64 3.1-15 32.00 166.00 198.00 OK
r-oldrel-macos-arm64 3.1-15 60.00 OK
r-oldrel-windows-x86_64 3.1-15 32.00 165.00 197.00 OK

Check Details

Version: 3.1-15
Check: Rd files
Result: NOTE checkRd: (-1) information.criteria.Rd:33: Lost braces 33 | \emph{Psychometrika} bold{52}, 345--370. | ^ checkRd: (-1) specifyModel.Rd:49: Lost braces 49 | to specifying the ]code{file} argument or reading the model specification from | ^ Flavor: r-devel-linux-x86_64-debian-clang

Version: 3.1-15
Check: Rd files
Result: NOTE checkRd: (-1) information.criteria.Rd:33: Lost braces 33 | \emph{Psychometrika} bold{52}, 345--370. | ^ checkRd: (-1) specifyModel.Rd:49: Lost braces 49 | to specifying the ]code{file} argument or reading the model specification from | ^ Flavor: r-devel-linux-x86_64-debian-gcc