Last updated on 2023-11-30 18:49:44 CET.
Flavor | Version | Tinstall | Tcheck | Ttotal | Status | Flags |
---|---|---|---|---|---|---|
r-devel-linux-x86_64-debian-clang | 0.2.10 | 4.32 | 169.17 | 173.49 | OK | |
r-devel-linux-x86_64-debian-gcc | 0.2.10 | 4.10 | 123.56 | 127.66 | OK | |
r-devel-linux-x86_64-fedora-clang | 0.2.10 | 224.23 | NOTE | |||
r-devel-linux-x86_64-fedora-gcc | 0.2.10 | 229.12 | OK | |||
r-devel-windows-x86_64 | 0.2.10 | 7.00 | 148.00 | 155.00 | OK | |
r-patched-linux-x86_64 | 0.2.10 | 12.98 | 159.89 | 172.87 | OK | |
r-release-linux-x86_64 | 0.2.10 | 3.98 | 161.99 | 165.97 | OK | |
r-release-macos-arm64 | 0.2.10 | 68.00 | OK | |||
r-release-macos-x86_64 | 0.2.10 | 112.00 | OK | |||
r-release-windows-x86_64 | 0.2.10 | 9.00 | 180.00 | 189.00 | OK | |
r-oldrel-macos-arm64 | 0.2.10 | 64.00 | OK | |||
r-oldrel-macos-x86_64 | 0.2.10 | 80.00 | OK | |||
r-oldrel-windows-x86_64 | 0.2.10 | 8.00 | 181.00 | 189.00 | OK |
Version: 0.2.10
Check: Rd cross-references
Result: NOTE
Undeclared package ‘qgraph’ in Rd xrefs
Flavor: r-devel-linux-x86_64-fedora-clang