CRAN Package Check Results for Package sentometrics

Last updated on 2023-12-07 18:49:42 CET.

Flavor Version Tinstall Tcheck Ttotal Status Flags
r-devel-linux-x86_64-debian-clang 1.0.0 110.29 265.59 375.88 NOTE
r-devel-linux-x86_64-debian-gcc 1.0.0 68.02 188.01 256.03 NOTE
r-devel-linux-x86_64-fedora-clang 1.0.0 484.15 NOTE
r-devel-linux-x86_64-fedora-gcc 1.0.0 445.85 NOTE
r-devel-windows-x86_64 1.0.0 81.00 221.00 302.00 NOTE
r-patched-linux-x86_64 1.0.0 82.43 239.53 321.96 NOTE
r-release-linux-x86_64 1.0.0 72.09 236.52 308.61 NOTE
r-release-macos-arm64 1.0.0 146.00 NOTE
r-release-macos-x86_64 1.0.0 211.00 NOTE
r-release-windows-x86_64 1.0.0 109.00 266.00 375.00 NOTE
r-oldrel-macos-arm64 1.0.0 117.00 NOTE
r-oldrel-macos-x86_64 1.0.0 198.00 NOTE
r-oldrel-windows-x86_64 1.0.0 102.00 258.00 360.00 NOTE

Check Details

Version: 1.0.0
Check: C++ specification
Result: NOTE Specified C++11: please drop specification unless essential Flavors: r-devel-linux-x86_64-debian-clang, r-devel-linux-x86_64-debian-gcc, r-devel-linux-x86_64-fedora-clang, r-devel-linux-x86_64-fedora-gcc, r-devel-windows-x86_64, r-patched-linux-x86_64, r-release-linux-x86_64, r-release-macos-arm64, r-release-macos-x86_64, r-release-windows-x86_64

Version: 1.0.0
Check: for GNU extensions in Makefiles
Result: NOTE GNU make is a SystemRequirements. Flavors: r-devel-linux-x86_64-debian-clang, r-devel-linux-x86_64-debian-gcc, r-devel-linux-x86_64-fedora-clang, r-devel-linux-x86_64-fedora-gcc, r-devel-windows-x86_64, r-patched-linux-x86_64, r-release-linux-x86_64, r-release-macos-arm64, r-release-macos-x86_64, r-release-windows-x86_64, r-oldrel-macos-arm64, r-oldrel-macos-x86_64, r-oldrel-windows-x86_64

Version: 1.0.0
Check: data for non-ASCII characters
Result: NOTE Note: found 4436 marked UTF-8 strings Flavors: r-devel-linux-x86_64-fedora-clang, r-devel-linux-x86_64-fedora-gcc, r-oldrel-macos-arm64, r-oldrel-macos-x86_64

Version: 1.0.0
Check: installed package size
Result: NOTE installed size is 8.0Mb sub-directories of 1Mb or more: data 2.3Mb libs 4.5Mb Flavors: r-release-macos-arm64, r-release-macos-x86_64, r-oldrel-macos-arm64, r-oldrel-macos-x86_64