CRAN Package Check Results for Package sepkoski

Last updated on 2023-12-05 18:49:38 CET.

Flavor Version Tinstall Tcheck Ttotal Status Flags
r-devel-linux-x86_64-debian-clang 0.0.1 2.60 24.89 27.49 OK
r-devel-linux-x86_64-debian-gcc 0.0.1 2.75 19.80 22.55 OK
r-devel-linux-x86_64-fedora-clang 0.0.1 37.57 NOTE
r-devel-linux-x86_64-fedora-gcc 0.0.1 34.72 NOTE
r-devel-windows-x86_64 0.0.1 4.00 43.00 47.00 OK
r-patched-linux-x86_64 0.0.1 3.27 25.07 28.34 OK
r-release-linux-x86_64 0.0.1 2.75 24.16 26.91 OK
r-release-macos-arm64 0.0.1 17.00 OK
r-release-macos-x86_64 0.0.1 25.00 OK
r-release-windows-x86_64 0.0.1 4.00 46.00 50.00 OK
r-oldrel-macos-arm64 0.0.1 18.00 OK
r-oldrel-macos-x86_64 0.0.1 24.00 NOTE
r-oldrel-windows-x86_64 0.0.1 5.00 47.00 52.00 OK

Check Details

Version: 0.0.1
Check: data for non-ASCII characters
Result: NOTE Note: found 52 marked UTF-8 strings Flavors: r-devel-linux-x86_64-fedora-clang, r-devel-linux-x86_64-fedora-gcc, r-oldrel-macos-x86_64