CRAN Package Check Results for Package seqhandbook

Last updated on 2023-12-05 18:49:38 CET.

Flavor Version Tinstall Tcheck Ttotal Status Flags
r-devel-linux-x86_64-debian-clang 0.1.1 6.40 78.65 85.05 OK
r-devel-linux-x86_64-debian-gcc 0.1.1 7.12 60.63 67.75 OK
r-devel-linux-x86_64-fedora-clang 0.1.1 107.96 OK
r-devel-linux-x86_64-fedora-gcc 0.1.1 115.79 OK
r-devel-windows-x86_64 0.1.1 8.00 80.00 88.00 OK
r-patched-linux-x86_64 0.1.1 9.81 76.71 86.52 OK
r-release-linux-x86_64 0.1.1 8.83 77.47 86.30 OK
r-release-macos-arm64 0.1.1 42.00 OK
r-release-macos-x86_64 0.1.1 70.00 NOTE
r-release-windows-x86_64 0.1.1 12.00 96.00 108.00 OK
r-oldrel-macos-arm64 0.1.1 41.00 OK
r-oldrel-macos-x86_64 0.1.1 53.00 OK
r-oldrel-windows-x86_64 0.1.1 12.00 97.00 109.00 OK

Check Details

Version: 0.1.1
Check: package dependencies
Result: NOTE Packages suggested but not available for checking: 'FactoMineR', 'descriptio' Flavor: r-release-macos-x86_64