CRAN Package Check Results for Package sevenbridges2

Last updated on 2024-06-12 20:59:14 CEST.

Flavor Version Tinstall Tcheck Ttotal Status Flags
r-devel-linux-x86_64-debian-clang 0.1.0 34.54 199.61 234.15 OK
r-devel-linux-x86_64-debian-gcc 0.1.0 0.92 1.92 2.84 ERROR
r-devel-linux-x86_64-fedora-clang 0.1.0 296.66 NOTE
r-devel-linux-x86_64-fedora-gcc 0.1.0 293.81 OK
r-devel-windows-x86_64 0.1.0 30.00 172.00 202.00 NOTE
r-patched-linux-x86_64 0.1.0 40.79 189.01 229.80 OK
r-release-linux-x86_64 0.1.0 25.38 188.76 214.14 OK
r-release-macos-arm64 0.1.0 88.00 NOTE
r-release-macos-x86_64 0.1.0 135.00 NOTE
r-release-windows-x86_64 0.1.0 33.00 192.00 225.00 NOTE
r-oldrel-macos-arm64 0.1.0 91.00 NOTE
r-oldrel-macos-x86_64 0.1.0 182.00 NOTE
r-oldrel-windows-x86_64 0.1.0 42.00 199.00 241.00 NOTE

Check Details

Version: 0.1.0
Check: package dependencies
Result: ERROR Packages required but not available: 'purrr', 'stringr', 'DescTools', 'readr' Packages suggested but not available for checking: 'testthat', 'pkgdown' See section ‘The DESCRIPTION file’ in the ‘Writing R Extensions’ manual. Flavor: r-devel-linux-x86_64-debian-gcc

Version: 0.1.0
Check: installed package size
Result: NOTE installed size is 6.6Mb sub-directories of 1Mb or more: R 1.0Mb doc 4.9Mb Flavors: r-devel-linux-x86_64-fedora-clang, r-devel-windows-x86_64, r-release-macos-arm64, r-release-macos-x86_64, r-release-windows-x86_64, r-oldrel-macos-arm64, r-oldrel-macos-x86_64, r-oldrel-windows-x86_64