CRAN Package Check Results for Package sfcr

Last updated on 2023-12-09 18:54:31 CET.

Flavor Version Tinstall Tcheck Ttotal Status Flags
r-devel-linux-x86_64-debian-clang 0.2.1 31.09 120.31 151.40 NOTE
r-devel-linux-x86_64-debian-gcc 0.2.1 25.94 91.52 117.46 NOTE
r-devel-linux-x86_64-fedora-clang 0.2.1 220.09 NOTE
r-devel-linux-x86_64-fedora-gcc 0.2.1 209.27 NOTE
r-devel-windows-x86_64 0.2.1 32.00 127.00 159.00 NOTE
r-patched-linux-x86_64 0.2.1 22.84 116.08 138.92 NOTE
r-release-linux-x86_64 0.2.1 21.85 116.30 138.15 NOTE
r-release-macos-arm64 0.2.1 63.00 NOTE
r-release-macos-x86_64 0.2.1 101.00 NOTE
r-release-windows-x86_64 0.2.1 38.00 157.00 195.00 NOTE
r-oldrel-macos-arm64 0.2.1 54.00 OK
r-oldrel-macos-x86_64 0.2.1 92.00 OK
r-oldrel-windows-x86_64 0.2.1 44.00 145.00 189.00 OK

Check Details

Version: 0.2.1
Check: C++ specification
Result: NOTE Specified C++11: please drop specification unless essential Flavors: r-devel-linux-x86_64-debian-clang, r-devel-linux-x86_64-debian-gcc, r-devel-linux-x86_64-fedora-clang, r-devel-linux-x86_64-fedora-gcc, r-devel-windows-x86_64, r-patched-linux-x86_64, r-release-linux-x86_64, r-release-macos-arm64, r-release-macos-x86_64, r-release-windows-x86_64

Version: 0.2.1
Check: package dependencies
Result: NOTE Package suggested but not available for checking: ‘ggraph’ Flavor: r-release-macos-x86_64