CRAN Package Check Results for Package sgeostat

Last updated on 2024-02-27 18:49:28 CET.

Flavor Version Tinstall Tcheck Ttotal Status Flags
r-devel-linux-x86_64-debian-clang 1.0-27 4.48 35.56 40.04 OK
r-devel-linux-x86_64-debian-gcc 1.0-27 3.48 27.41 30.89 OK
r-devel-linux-x86_64-fedora-clang 1.0-27 49.08 NOTE
r-devel-linux-x86_64-fedora-gcc 1.0-27 48.83 NOTE
r-devel-windows-x86_64 1.0-27 8.00 52.00 60.00 OK
r-patched-linux-x86_64 1.0-27 5.40 34.86 40.26 OK
r-release-linux-x86_64 1.0-27 5.11 35.08 40.19 OK
r-release-macos-arm64 1.0-27 21.00 OK
r-release-macos-x86_64 1.0-27 32.00 NOTE
r-release-windows-x86_64 1.0-27 10.00 57.00 67.00 OK
r-oldrel-macos-arm64 1.0-27 22.00 OK
r-oldrel-windows-x86_64 1.0-27 11.00 63.00 74.00 OK

Check Details

Version: 1.0-27
Check: Rd cross-references
Result: NOTE Undeclared package ‘tripack’ in Rd xrefs Flavor: r-devel-linux-x86_64-fedora-clang

Version: 1.0-27
Check: compiled code
Result: NOTE File ‘sgeostat/libs/sgeostat.so’: Found no calls to: ‘R_registerRoutines’, ‘R_useDynamicSymbols’ It is good practice to register native routines and to disable symbol search. See ‘Writing portable packages’ in the ‘Writing R Extensions’ manual. Flavors: r-devel-linux-x86_64-fedora-clang, r-devel-linux-x86_64-fedora-gcc

Version: 1.0-27
Check: Rd cross-references
Result: NOTE Package unavailable to check Rd xrefs: ‘tripack’ Flavor: r-release-macos-x86_64