CRAN Package Check Results for Package shape

Last updated on 2024-02-26 18:50:13 CET.

Flavor Version Tinstall Tcheck Ttotal Status Flags
r-devel-linux-x86_64-debian-clang 1.4.6 3.39 44.55 47.94 NOTE
r-devel-linux-x86_64-debian-gcc 1.4.6.1 2.43 35.54 37.97 OK
r-devel-linux-x86_64-fedora-clang 1.4.6.1 61.75 OK
r-devel-linux-x86_64-fedora-gcc 1.4.6.1 76.01 OK
r-devel-windows-x86_64 1.4.6 5.00 79.00 84.00 NOTE
r-patched-linux-x86_64 1.4.6 4.04 44.20 48.24 OK
r-release-linux-x86_64 1.4.6.1 3.06 44.88 47.94 OK
r-release-macos-arm64 1.4.6.1 60.00 OK
r-release-macos-x86_64 1.4.6.1 112.00 OK
r-release-windows-x86_64 1.4.6.1 8.00 79.00 87.00 OK
r-oldrel-macos-arm64 1.4.6.1 49.00 OK
r-oldrel-windows-x86_64 1.4.6.1 8.00 84.00 92.00 OK

Check Details

Version: 1.4.6
Check: package vignettes
Result: NOTE Package vignette without corresponding tangle output: ‘shape.Rnw’ Flavors: r-devel-linux-x86_64-debian-clang, r-devel-windows-x86_64