Last updated on 2023-12-09 18:54:31 CET.
Flavor | Version | Tinstall | Tcheck | Ttotal | Status | Flags |
---|---|---|---|---|---|---|
r-devel-linux-x86_64-debian-clang | 1.4.4 | 14.90 | 147.11 | 162.01 | NOTE | |
r-devel-linux-x86_64-debian-gcc | 1.4.4 | 11.16 | 114.67 | 125.83 | NOTE | |
r-devel-linux-x86_64-fedora-clang | 1.4.4 | 208.97 | NOTE | |||
r-devel-linux-x86_64-fedora-gcc | 1.4.4 | 219.69 | NOTE | |||
r-devel-windows-x86_64 | 1.4.4 | 15.00 | 169.00 | 184.00 | NOTE | |
r-patched-linux-x86_64 | 1.4.4 | 21.02 | 143.03 | 164.05 | NOTE | |
r-release-linux-x86_64 | 1.4.4 | 12.28 | 139.63 | 151.91 | NOTE | |
r-release-macos-arm64 | 1.4.4 | 78.00 | NOTE | |||
r-release-macos-x86_64 | 1.4.4 | 154.00 | NOTE | |||
r-release-windows-x86_64 | 1.4.4 | 17.00 | 197.00 | 214.00 | NOTE | |
r-oldrel-macos-arm64 | 1.4.4 | 68.00 | NOTE | |||
r-oldrel-macos-x86_64 | 1.4.4 | 90.00 | NOTE | |||
r-oldrel-windows-x86_64 | 1.4.4 | 16.00 | 176.00 | 192.00 | NOTE |
Version: 1.4.4
Check: package dependencies
Result: NOTE
Package suggested but not available for checking: ‘rCOSA’
Flavors: r-devel-linux-x86_64-debian-clang, r-devel-linux-x86_64-debian-gcc, r-devel-linux-x86_64-fedora-clang, r-devel-linux-x86_64-fedora-gcc, r-devel-windows-x86_64, r-patched-linux-x86_64, r-release-linux-x86_64, r-release-macos-arm64, r-release-macos-x86_64, r-release-windows-x86_64, r-oldrel-macos-arm64, r-oldrel-macos-x86_64, r-oldrel-windows-x86_64
Version: 1.4.4
Check: Rd cross-references
Result: NOTE
Package unavailable to check Rd xrefs: ‘rCOSA’
Flavors: r-devel-linux-x86_64-debian-clang, r-devel-linux-x86_64-debian-gcc, r-devel-linux-x86_64-fedora-clang, r-devel-linux-x86_64-fedora-gcc, r-devel-windows-x86_64, r-patched-linux-x86_64, r-release-linux-x86_64, r-release-macos-arm64, r-release-macos-x86_64, r-release-windows-x86_64, r-oldrel-macos-arm64, r-oldrel-macos-x86_64, r-oldrel-windows-x86_64