Last updated on 2023-12-01 18:51:23 CET.
Flavor | Version | Tinstall | Tcheck | Ttotal | Status | Flags |
---|---|---|---|---|---|---|
r-devel-linux-x86_64-debian-clang | 0.4.2 | 6.49 | 44.20 | 50.69 | OK | |
r-devel-linux-x86_64-debian-gcc | 0.4.2 | 4.65 | 34.46 | 39.11 | OK | |
r-devel-linux-x86_64-fedora-clang | 0.4.2 | 65.46 | NOTE | |||
r-devel-linux-x86_64-fedora-gcc | 0.4.2 | 73.94 | OK | |||
r-devel-windows-x86_64 | 0.4.2 | 8.00 | 58.00 | 66.00 | NOTE | |
r-patched-linux-x86_64 | 0.4.2 | 6.05 | 44.31 | 50.36 | OK | |
r-release-linux-x86_64 | 0.4.2 | 5.32 | 43.41 | 48.73 | OK | |
r-release-macos-arm64 | 0.4.2 | 32.00 | NOTE | |||
r-release-macos-x86_64 | 0.4.2 | 48.00 | NOTE | |||
r-release-windows-x86_64 | 0.4.2 | 10.00 | 62.00 | 72.00 | NOTE | |
r-oldrel-macos-arm64 | 0.4.2 | 28.00 | NOTE | |||
r-oldrel-macos-x86_64 | 0.4.2 | 40.00 | NOTE | |||
r-oldrel-windows-x86_64 | 0.4.2 | 12.00 | 67.00 | 79.00 | NOTE |
Version: 0.4.2
Check: installed package size
Result: NOTE
installed size is 8.1Mb
sub-directories of 1Mb or more:
www 7.7Mb
Flavors: r-devel-linux-x86_64-fedora-clang, r-devel-windows-x86_64, r-release-macos-arm64, r-release-macos-x86_64, r-release-windows-x86_64, r-oldrel-macos-arm64, r-oldrel-macos-x86_64, r-oldrel-windows-x86_64