Last updated on 2023-12-08 18:55:50 CET.
Flavor | Version | Tinstall | Tcheck | Ttotal | Status | Flags |
---|---|---|---|---|---|---|
r-devel-linux-x86_64-debian-clang | 0.2.1 | 8.66 | 72.51 | 81.17 | NOTE | |
r-devel-linux-x86_64-debian-gcc | 0.2.1 | 6.29 | 55.46 | 61.75 | NOTE | |
r-devel-linux-x86_64-fedora-clang | 0.2.1 | 100.87 | OK | |||
r-devel-linux-x86_64-fedora-gcc | 0.2.1 | 106.39 | OK | |||
r-devel-windows-x86_64 | 0.2.1 | 9.00 | 84.00 | 93.00 | OK | |
r-patched-linux-x86_64 | 0.2.1 | 15.76 | 69.92 | 85.68 | OK | |
r-release-linux-x86_64 | 0.2.1 | 6.18 | 68.59 | 74.77 | OK | |
r-release-macos-arm64 | 0.2.1 | 45.00 | OK | |||
r-release-macos-x86_64 | 0.2.1 | 88.00 | OK | |||
r-release-windows-x86_64 | 0.2.1 | 11.00 | 90.00 | 101.00 | OK | |
r-oldrel-macos-arm64 | 0.2.1 | 37.00 | OK | |||
r-oldrel-macos-x86_64 | 0.2.1 | 49.00 | OK | |||
r-oldrel-windows-x86_64 | 0.2.1 | 10.00 | 89.00 | 99.00 | OK |
Version: 0.2.1
Check: Rd files
Result: NOTE
checkRd: (-1) gui-filter-layer.Rd:40: Lost braces in \itemize; meant \describe ?
checkRd: (-1) gui-filter-layer.Rd:41: Lost braces in \itemize; meant \describe ?
checkRd: (-1) gui-filter-layer.Rd:42: Lost braces in \itemize; meant \describe ?
checkRd: (-1) gui-filter-layer.Rd:43: Lost braces in \itemize; meant \describe ?
checkRd: (-1) gui-filter-layer.Rd:44-45: Lost braces in \itemize; meant \describe ?
checkRd: (-1) gui-filter-layer.Rd:46-49: Lost braces in \itemize; meant \describe ?
checkRd: (-1) rendering-step-attrition.Rd:34: Lost braces in \itemize; meant \describe ?
checkRd: (-1) rendering-step-attrition.Rd:35: Lost braces in \itemize; meant \describe ?
checkRd: (-1) source-gui-layer.Rd:22: Lost braces in \itemize; meant \describe ?
checkRd: (-1) source-gui-layer.Rd:23: Lost braces in \itemize; meant \describe ?
checkRd: (-1) source-gui-layer.Rd:24: Lost braces in \itemize; meant \describe ?
checkRd: (-1) source-gui-layer.Rd:25: Lost braces in \itemize; meant \describe ?
checkRd: (-1) source-gui-layer.Rd:26: Lost braces in \itemize; meant \describe ?
checkRd: (-1) source-gui-layer.Rd:27: Lost braces in \itemize; meant \describe ?
checkRd: (-1) trigger-action.Rd:37: Lost braces in \itemize; meant \describe ?
checkRd: (-1) trigger-action.Rd:38: Lost braces in \itemize; meant \describe ?
checkRd: (-1) trigger-action.Rd:39: Lost braces in \itemize; meant \describe ?
checkRd: (-1) trigger-action.Rd:40: Lost braces in \itemize; meant \describe ?
checkRd: (-1) trigger-action.Rd:41: Lost braces in \itemize; meant \describe ?
checkRd: (-1) trigger-action.Rd:42: Lost braces in \itemize; meant \describe ?
checkRd: (-1) trigger-action.Rd:43: Lost braces in \itemize; meant \describe ?
checkRd: (-1) trigger-action.Rd:44: Lost braces in \itemize; meant \describe ?
checkRd: (-1) trigger-action.Rd:45: Lost braces in \itemize; meant \describe ?
checkRd: (-1) trigger-action.Rd:46: Lost braces in \itemize; meant \describe ?
checkRd: (-1) trigger-action.Rd:47: Lost braces in \itemize; meant \describe ?
checkRd: (-1) trigger-action.Rd:48: Lost braces in \itemize; meant \describe ?
Flavors: r-devel-linux-x86_64-debian-clang, r-devel-linux-x86_64-debian-gcc