Last updated on 2023-11-28 18:49:33 CET.
Flavor | Version | Tinstall | Tcheck | Ttotal | Status | Flags |
---|---|---|---|---|---|---|
r-devel-linux-x86_64-debian-clang | 0.2.0 | 8.79 | 68.25 | 77.04 | NOTE | |
r-devel-linux-x86_64-debian-gcc | 0.2.0 | 6.93 | 50.72 | 57.65 | NOTE | |
r-devel-linux-x86_64-fedora-clang | 0.2.0 | 98.57 | NOTE | |||
r-devel-linux-x86_64-fedora-gcc | 0.2.0 | 94.34 | NOTE | |||
r-devel-windows-x86_64 | 0.2.0 | 8.00 | 67.00 | 75.00 | NOTE | |
r-patched-linux-x86_64 | 0.2.0 | 5.03 | 63.83 | 68.86 | NOTE | |
r-release-linux-x86_64 | 0.2.0 | 5.31 | 63.47 | 68.78 | NOTE | |
r-release-macos-arm64 | 0.2.0 | 35.00 | NOTE | |||
r-release-macos-x86_64 | 0.2.0 | 47.00 | NOTE | |||
r-release-windows-x86_64 | 0.2.0 | 11.00 | 81.00 | 92.00 | NOTE | |
r-oldrel-macos-arm64 | 0.2.0 | 32.00 | NOTE | |||
r-oldrel-macos-x86_64 | 0.2.0 | 56.00 | NOTE | |||
r-oldrel-windows-x86_64 | 0.2.0 | 12.00 | 94.00 | 106.00 | NOTE |
Version: 0.2.0
Check: LazyData
Result: NOTE
'LazyData' is specified without a 'data' directory
Flavors: r-devel-linux-x86_64-debian-clang, r-devel-linux-x86_64-debian-gcc, r-devel-linux-x86_64-fedora-clang, r-devel-linux-x86_64-fedora-gcc, r-devel-windows-x86_64, r-patched-linux-x86_64, r-release-linux-x86_64, r-release-macos-arm64, r-release-macos-x86_64, r-release-windows-x86_64, r-oldrel-macos-arm64, r-oldrel-macos-x86_64, r-oldrel-windows-x86_64