CRAN Package Check Results for Package shinyHeatmaply

Last updated on 2024-06-16 20:53:29 CEST.

Flavor Version Tinstall Tcheck Ttotal Status Flags
r-devel-linux-x86_64-debian-clang 0.2.0 8.13 68.18 76.31 NOTE
r-devel-linux-x86_64-debian-gcc 0.2.0 5.04 51.35 56.39 NOTE
r-devel-linux-x86_64-fedora-clang 0.2.0 95.18 NOTE
r-devel-linux-x86_64-fedora-gcc 0.2.0 89.95 NOTE
r-devel-windows-x86_64 0.2.0 9.00 69.00 78.00 NOTE
r-patched-linux-x86_64 0.2.0 8.22 63.29 71.51 NOTE
r-release-linux-x86_64 0.2.0 5.33 64.22 69.55 NOTE
r-release-macos-arm64 0.2.0 30.00 NOTE
r-release-macos-x86_64 0.2.0 45.00 NOTE
r-release-windows-x86_64 0.2.0 8.00 69.00 77.00 NOTE
r-oldrel-macos-arm64 0.2.0 35.00 NOTE
r-oldrel-macos-x86_64 0.2.0 47.00 NOTE
r-oldrel-windows-x86_64 0.2.0 11.00 81.00 92.00 NOTE

Check Details

Version: 0.2.0
Check: LazyData
Result: NOTE 'LazyData' is specified without a 'data' directory Flavors: r-devel-linux-x86_64-debian-clang, r-devel-linux-x86_64-debian-gcc, r-devel-linux-x86_64-fedora-clang, r-devel-linux-x86_64-fedora-gcc, r-devel-windows-x86_64, r-patched-linux-x86_64, r-release-linux-x86_64, r-release-macos-arm64, r-release-macos-x86_64, r-release-windows-x86_64, r-oldrel-macos-arm64, r-oldrel-macos-x86_64, r-oldrel-windows-x86_64