CRAN Package Check Results for Package shinydisconnect

Last updated on 2023-12-02 18:53:57 CET.

Flavor Version Tinstall Tcheck Ttotal Status Flags
r-devel-linux-x86_64-debian-clang 0.1.1 1.67 20.02 21.69 OK
r-devel-linux-x86_64-debian-gcc 0.1.1 1.67 15.78 17.45 OK
r-devel-linux-x86_64-fedora-clang 0.1.1 28.27 NOTE
r-devel-linux-x86_64-fedora-gcc 0.1.1 26.50 NOTE
r-devel-windows-x86_64 0.1.1 3.00 39.00 42.00 OK
r-patched-linux-x86_64 0.1.1 2.10 20.21 22.31 OK
r-release-linux-x86_64 0.1.1 2.01 19.83 21.84 OK
r-release-macos-arm64 0.1.1 20.00 OK
r-release-macos-x86_64 0.1.1 25.00 OK
r-release-windows-x86_64 0.1.1 3.00 37.00 40.00 OK
r-oldrel-macos-arm64 0.1.1 18.00 OK
r-oldrel-macos-x86_64 0.1.1 24.00 OK
r-oldrel-windows-x86_64 0.1.1 4.00 42.00 46.00 OK

Check Details

Version: 0.1.1
Check: dependencies in R code
Result: NOTE Namespace in Imports field not imported from: ‘shiny’ All declared Imports should be used. Flavors: r-devel-linux-x86_64-fedora-clang, r-devel-linux-x86_64-fedora-gcc