CRAN Package Check Results for Package shinyfilter

Last updated on 2023-12-06 18:52:59 CET.

Flavor Version Tinstall Tcheck Ttotal Status Flags
r-devel-linux-x86_64-debian-clang 0.1.1 1.82 21.78 23.60 OK
r-devel-linux-x86_64-debian-gcc 0.1.1 2.16 17.14 19.30 OK
r-devel-linux-x86_64-fedora-clang 0.1.1 30.71 NOTE
r-devel-linux-x86_64-fedora-gcc 0.1.1 28.79 NOTE
r-devel-windows-x86_64 0.1.1 5.00 40.00 45.00 OK
r-patched-linux-x86_64 0.1.1 1.93 21.86 23.79 OK
r-release-linux-x86_64 0.1.1 1.56 21.66 23.22 OK
r-release-macos-arm64 0.1.1 16.00 OK
r-release-macos-x86_64 0.1.1 20.00 OK
r-release-windows-x86_64 0.1.1 5.00 40.00 45.00 OK
r-oldrel-macos-arm64 0.1.1 17.00 NOTE
r-oldrel-macos-x86_64 0.1.1 24.00 NOTE
r-oldrel-windows-x86_64 0.1.1 4.00 42.00 46.00 OK

Check Details

Version: 0.1.1
Check: dependencies in R code
Result: NOTE Namespace in Imports field not imported from: ‘reactable’ All declared Imports should be used. Flavors: r-devel-linux-x86_64-fedora-clang, r-devel-linux-x86_64-fedora-gcc, r-oldrel-macos-arm64, r-oldrel-macos-x86_64