Last updated on 2023-12-02 18:53:57 CET.
Flavor | Version | Tinstall | Tcheck | Ttotal | Status | Flags |
---|---|---|---|---|---|---|
r-devel-linux-x86_64-debian-clang | 1.0.410 | 15.62 | 94.35 | 109.97 | NOTE | |
r-devel-linux-x86_64-debian-gcc | 1.0.410 | 8.88 | 70.26 | 79.14 | NOTE | |
r-devel-linux-x86_64-fedora-clang | 1.0.410 | 131.53 | OK | |||
r-devel-linux-x86_64-fedora-gcc | 1.0.410 | 130.56 | OK | |||
r-devel-windows-x86_64 | 1.0.410 | 14.00 | 92.00 | 106.00 | OK | |
r-patched-linux-x86_64 | 1.0.410 | 9.48 | 88.05 | 97.53 | OK | |
r-release-linux-x86_64 | 1.0.410 | 7.75 | 87.81 | 95.56 | OK | |
r-release-macos-arm64 | 1.0.410 | 49.00 | OK | |||
r-release-macos-x86_64 | 1.0.410 | 78.00 | OK | |||
r-release-windows-x86_64 | 1.0.410 | 18.00 | 104.00 | 122.00 | OK | |
r-oldrel-macos-arm64 | 1.0.410 | 42.00 | OK | |||
r-oldrel-macos-x86_64 | 1.0.410 | 62.00 | OK | |||
r-oldrel-windows-x86_64 | 1.0.410 | 18.00 | 104.00 | 122.00 | OK |
Version: 1.0.410
Check: Rd files
Result: NOTE
checkRd: (-1) custom-labels.Rd:7: Lost braces; missing escapes or markup?
7 | \title{Modify {shinymanager} labels to use custom text}
| ^
checkRd: (-1) use_language.Rd:5: Lost braces; missing escapes or markup?
5 | \title{Use {shinymanager} labels}
| ^
Flavors: r-devel-linux-x86_64-debian-clang, r-devel-linux-x86_64-debian-gcc