CRAN Package Check Results for Package shinymaterial

Last updated on 2024-02-24 18:55:03 CET.

Flavor Version Tinstall Tcheck Ttotal Status Flags
r-devel-linux-x86_64-debian-clang 1.2.0 3.41 31.92 35.33 NOTE
r-devel-linux-x86_64-debian-gcc 1.2.0 2.83 24.99 27.82 NOTE
r-devel-linux-x86_64-fedora-clang 1.2.0 44.38 NOTE
r-devel-linux-x86_64-fedora-gcc 1.2.0 45.58 NOTE
r-devel-windows-x86_64 1.2.0 5.00 55.00 60.00 NOTE
r-patched-linux-x86_64 1.2.0 3.72 31.87 35.59 NOTE
r-release-linux-x86_64 1.2.0 2.85 31.93 34.78 NOTE
r-release-macos-arm64 1.2.0 20.00 NOTE
r-release-macos-x86_64 1.2.0 28.00 NOTE
r-release-windows-x86_64 1.2.0 7.00 56.00 63.00 NOTE
r-oldrel-macos-arm64 1.2.0 19.00 NOTE
r-oldrel-windows-x86_64 1.2.0 6.00 56.00 62.00 NOTE

Check Details

Version: 1.2.0
Check: LazyData
Result: NOTE 'LazyData' is specified without a 'data' directory Flavors: r-devel-linux-x86_64-debian-clang, r-devel-linux-x86_64-debian-gcc, r-devel-linux-x86_64-fedora-clang, r-devel-linux-x86_64-fedora-gcc, r-devel-windows-x86_64, r-patched-linux-x86_64, r-release-linux-x86_64, r-release-macos-arm64, r-release-macos-x86_64, r-release-windows-x86_64, r-oldrel-macos-arm64, r-oldrel-windows-x86_64