CRAN Package Check Results for Package shinypivottabler

Last updated on 2024-07-24 20:52:34 CEST.

Flavor Version Tinstall Tcheck Ttotal Status Flags
r-devel-linux-x86_64-debian-clang 1.2 8.70 60.43 69.13 NOTE
r-devel-linux-x86_64-debian-gcc 1.2 5.86 45.00 50.86 NOTE
r-devel-linux-x86_64-fedora-clang 1.2 89.16 NOTE
r-devel-linux-x86_64-fedora-gcc 1.2 83.44 NOTE
r-devel-windows-x86_64 1.2 10.00 63.00 73.00 NOTE
r-patched-linux-x86_64 1.2 8.49 56.90 65.39 NOTE
r-release-linux-x86_64 1.2 4.92 58.41 63.33 NOTE
r-release-macos-arm64 1.2 28.00 NOTE
r-release-macos-x86_64 1.2 39.00 NOTE
r-release-windows-x86_64 1.2 8.00 62.00 70.00 NOTE
r-oldrel-macos-arm64 1.2 23.00 OK
r-oldrel-macos-x86_64 1.2 42.00 OK
r-oldrel-windows-x86_64 1.2 10.00 65.00 75.00 OK

Check Details

Version: 1.2
Check: Rd files
Result: NOTE checkRd: (-1) shiny_pivot_table.Rd:58: Lost braces in \itemize; meant \describe ? checkRd: (-1) shiny_pivot_table.Rd:59: Lost braces in \itemize; meant \describe ? checkRd: (-1) shiny_pivot_table.Rd:60: Lost braces in \itemize; meant \describe ? checkRd: (-1) shiny_pivot_table.Rd:61: Lost braces in \itemize; meant \describe ? checkRd: (-1) shiny_pivot_table.Rd:62: Lost braces in \itemize; meant \describe ? checkRd: (-1) shiny_pivot_table.Rd:63: Lost braces in \itemize; meant \describe ? checkRd: (-1) shiny_pivot_table.Rd:64: Lost braces in \itemize; meant \describe ? Flavors: r-devel-linux-x86_64-debian-clang, r-devel-linux-x86_64-debian-gcc, r-devel-linux-x86_64-fedora-clang, r-devel-linux-x86_64-fedora-gcc, r-devel-windows-x86_64, r-patched-linux-x86_64, r-release-linux-x86_64, r-release-macos-arm64, r-release-macos-x86_64, r-release-windows-x86_64