Last updated on 2023-11-30 18:49:45 CET.
Flavor | Version | Tinstall | Tcheck | Ttotal | Status | Flags |
---|---|---|---|---|---|---|
r-devel-linux-x86_64-debian-clang | 0.3.1 | 12.80 | 89.83 | 102.63 | NOTE | |
r-devel-linux-x86_64-debian-gcc | 0.3.1 | 10.79 | 67.10 | 77.89 | NOTE | |
r-devel-linux-x86_64-fedora-clang | 0.3.1 | 192.71 | OK | |||
r-devel-linux-x86_64-fedora-gcc | 0.3.1 | 191.55 | OK | |||
r-devel-windows-x86_64 | 0.3.1 | 15.00 | 100.00 | 115.00 | OK | |
r-patched-linux-x86_64 | 0.3.1 | 18.30 | 85.75 | 104.05 | OK | |
r-release-linux-x86_64 | 0.3.1 | 8.43 | 86.27 | 94.70 | OK | |
r-release-macos-arm64 | 0.3.1 | 92.00 | OK | |||
r-release-macos-x86_64 | 0.3.1 | 181.00 | OK | |||
r-release-windows-x86_64 | 0.3.1 | 18.00 | 110.00 | 128.00 | OK | |
r-oldrel-macos-arm64 | 0.3.1 | 90.00 | OK | |||
r-oldrel-macos-x86_64 | 0.3.1 | 66.00 | OK | |||
r-oldrel-windows-x86_64 | 0.3.1 | 18.00 | 110.00 | 128.00 | OK |
Version: 0.3.1
Check: Rd files
Result: NOTE
checkRd: (-1) AppDriver.Rd:1087: Lost braces; missing escapes or markup?
1087 | _snaps/{variant}/{test.md}\verb{, so }variant` must be a single
| ^
checkRd: (-1) AppDriver.Rd:1087: Lost braces; missing escapes or markup?
1087 | _snaps/{variant}/{test.md}\verb{, so }variant` must be a single
| ^
Flavors: r-devel-linux-x86_64-debian-clang, r-devel-linux-x86_64-debian-gcc