CRAN Package Check Results for Package showimage

Last updated on 2024-02-24 18:55:03 CET.

Flavor Version Tinstall Tcheck Ttotal Status Flags
r-devel-linux-x86_64-debian-clang 1.0.0 1.91 21.82 23.73 NOTE
r-devel-linux-x86_64-debian-gcc 1.0.0 1.58 17.37 18.95 NOTE
r-devel-linux-x86_64-fedora-clang 1.0.0 29.92 NOTE
r-devel-linux-x86_64-fedora-gcc 1.0.0 30.96 NOTE
r-devel-windows-x86_64 1.0.0 3.00 40.00 43.00 NOTE
r-patched-linux-x86_64 1.0.0 2.12 22.14 24.26 NOTE
r-release-linux-x86_64 1.0.0 1.65 21.86 23.51 NOTE
r-release-macos-arm64 1.0.0 18.00 NOTE
r-release-macos-x86_64 1.0.0 20.00 NOTE
r-release-windows-x86_64 1.0.0 2.00 38.00 40.00 NOTE
r-oldrel-macos-arm64 1.0.0 14.00 NOTE
r-oldrel-windows-x86_64 1.0.0 3.00 43.00 46.00 NOTE

Check Details

Version: 1.0.0
Check: LazyData
Result: NOTE 'LazyData' is specified without a 'data' directory Flavors: r-devel-linux-x86_64-debian-clang, r-devel-linux-x86_64-debian-gcc, r-devel-linux-x86_64-fedora-clang, r-devel-linux-x86_64-fedora-gcc, r-devel-windows-x86_64, r-patched-linux-x86_64, r-release-linux-x86_64, r-release-macos-arm64, r-release-macos-x86_64, r-release-windows-x86_64, r-oldrel-macos-arm64, r-oldrel-windows-x86_64