CRAN Package Check Results for Package simer

Last updated on 2024-02-20 18:49:35 CET.

Flavor Version Tinstall Tcheck Ttotal Status Flags
r-devel-linux-x86_64-debian-clang 0.9.0.4 OK
r-devel-linux-x86_64-debian-gcc 0.9.0.4 93.58 88.65 182.23 OK
r-devel-linux-x86_64-fedora-clang 0.9.0.4 314.08 NOTE
r-devel-linux-x86_64-fedora-gcc 0.9.0.4 341.93 OK
r-devel-windows-x86_64 0.9.0.4 99.00 136.00 235.00 NOTE
r-patched-linux-x86_64 0.9.0.4 119.25 114.12 233.37 OK
r-release-linux-x86_64 0.9.0.4 105.58 112.01 217.59 OK
r-release-macos-arm64 0.9.0.4 76.00 NOTE
r-release-macos-x86_64 0.9.0.4 151.00 NOTE
r-release-windows-x86_64 0.9.0.4 128.00 166.00 294.00 NOTE
r-oldrel-macos-arm64 0.9.0.4 70.00 NOTE
r-oldrel-windows-x86_64 0.9.0.4 119.00 153.00 272.00 NOTE

Check Details

Version: 0.9.0.4
Check: installed package size
Result: NOTE installed size is 14.4Mb sub-directories of 1Mb or more: extdata 13.1Mb Flavors: r-devel-linux-x86_64-fedora-clang, r-devel-windows-x86_64, r-release-macos-arm64, r-release-macos-x86_64, r-release-windows-x86_64, r-oldrel-macos-arm64, r-oldrel-windows-x86_64