CRAN Package Check Results for Package simmer

Last updated on 2024-02-23 18:55:13 CET.

Flavor Version Tinstall Tcheck Ttotal Status Flags
r-devel-linux-x86_64-debian-clang 4.4.6.3 OK
r-devel-linux-x86_64-debian-gcc 4.4.6.3 87.19 101.57 188.76 OK
r-devel-linux-x86_64-fedora-clang 4.4.6.3 304.15 OK
r-devel-linux-x86_64-fedora-gcc 4.4.6.3 362.82 OK
r-devel-windows-x86_64 4.4.6.3 77.00 178.00 255.00 OK
r-patched-linux-x86_64 4.4.6.3 99.64 129.84 229.48 OK
r-release-linux-x86_64 4.4.6.3 101.85 129.72 231.57 OK
r-release-macos-arm64 4.4.6.3 114.00 NOTE
r-release-macos-x86_64 4.4.6.3 230.00 NOTE
r-release-windows-x86_64 4.4.6.3 83.00 204.00 287.00 OK
r-oldrel-macos-arm64 4.4.6.3 112.00 NOTE
r-oldrel-windows-x86_64 4.4.6.3 92.00 201.00 293.00 OK

Check Details

Version: 4.4.6.3
Check: installed package size
Result: NOTE installed size is 14.8Mb sub-directories of 1Mb or more: doc 1.6Mb libs 12.6Mb Flavors: r-release-macos-arm64, r-release-macos-x86_64, r-oldrel-macos-arm64