Last updated on 2023-06-05 20:57:52 CEST.
Flavor | Version | Tinstall | Tcheck | Ttotal | Status | Flags |
---|---|---|---|---|---|---|
r-devel-linux-x86_64-debian-clang | 0.5.0 | 48.04 | 705.18 | 753.22 | OK | |
r-devel-linux-x86_64-debian-gcc | 0.5.0 | 37.19 | 509.11 | 546.30 | OK | |
r-devel-linux-x86_64-fedora-clang | 0.5.0 | 902.20 | OK | |||
r-devel-linux-x86_64-fedora-gcc | 0.5.0 | 885.69 | OK | |||
r-devel-windows-x86_64 | 0.5.0 | 38.00 | 578.00 | 616.00 | OK | |
r-patched-linux-x86_64 | 0.5.0 | 36.52 | 647.84 | 684.36 | OK | |
r-release-linux-x86_64 | 0.5.0 | 29.10 | 668.99 | 698.09 | OK | |
r-release-macos-arm64 | 0.5.0 | 256.00 | OK | |||
r-release-macos-x86_64 | 0.5.0 | 413.00 | OK | |||
r-release-windows-x86_64 | 0.5.0 | 49.00 | 692.00 | 741.00 | OK | |
r-oldrel-macos-arm64 | 0.5.0 | 255.00 | OK | |||
r-oldrel-macos-x86_64 | 0.5.0 | 310.00 | NOTE | |||
r-oldrel-windows-x86_64 | 0.5.0 | 46.00 | 650.00 | 696.00 | OK |
Version: 0.5.0
Check: installed package size
Result: NOTE
installed size is 5.1Mb
sub-directories of 1Mb or more:
doc 2.3Mb
libs 2.5Mb
Flavor: r-oldrel-macos-x86_64