CRAN Package Check Results for Package simr

Last updated on 2025-01-14 18:49:32 CET.

Flavor Version Tinstall Tcheck Ttotal Status Flags
r-devel-linux-x86_64-debian-clang 1.0.7 12.54 171.89 184.43 NOTE
r-devel-linux-x86_64-debian-gcc 1.0.7 8.45 117.30 125.75 NOTE
r-devel-linux-x86_64-fedora-clang 1.0.7 299.52 OK
r-devel-linux-x86_64-fedora-gcc 1.0.7 289.15 OK
r-devel-windows-x86_64 1.0.7 13.00 158.00 171.00 NOTE
r-patched-linux-x86_64 1.0.7 18.46 155.67 174.13 OK
r-release-linux-x86_64 1.0.7 10.69 156.60 167.29 OK
r-release-macos-arm64 1.0.7 78.00 OK
r-release-macos-x86_64 1.0.7 136.00 OK
r-release-windows-x86_64 1.0.7 13.00 157.00 170.00 OK
r-oldrel-macos-arm64 1.0.7 64.00 OK
r-oldrel-macos-x86_64 1.0.7 159.00 OK
r-oldrel-windows-x86_64 1.0.7 17.00 202.00 219.00 OK

Check Details

Version: 1.0.7
Check: Rd cross-references
Result: NOTE Found the following Rd file(s) with Rd \link{} targets missing package anchors: print.powerSim.Rd: binom.confint simrOptions.Rd: Anova tests.Rd: summary.merMod, anova.merMod, Anova Please provide package anchors for all Rd \link{} targets not in the package itself and the base packages. Flavors: r-devel-linux-x86_64-debian-clang, r-devel-linux-x86_64-debian-gcc, r-devel-windows-x86_64