CRAN Package Check Results for Package sistec

Last updated on 2024-07-21 20:51:12 CEST.

Flavor Version Tinstall Tcheck Ttotal Status Flags
r-devel-linux-x86_64-debian-clang 0.2.0 6.96 61.73 68.69 NOTE
r-devel-linux-x86_64-debian-gcc 0.2.0 6.33 46.55 52.88 NOTE
r-devel-linux-x86_64-fedora-clang 0.2.0 93.08 NOTE
r-devel-linux-x86_64-fedora-gcc 0.2.0 83.57 NOTE
r-devel-windows-x86_64 0.2.0 11.00 66.00 77.00 NOTE
r-patched-linux-x86_64 0.2.0 5.94 58.28 64.22 NOTE
r-release-linux-x86_64 0.2.0 6.84 60.05 66.89 NOTE
r-release-macos-arm64 0.2.0 29.00 NOTE
r-release-macos-x86_64 0.2.0 49.00 NOTE
r-release-windows-x86_64 0.2.0 8.00 65.00 73.00 NOTE
r-oldrel-macos-arm64 0.2.0 32.00 NOTE
r-oldrel-macos-x86_64 0.2.0 49.00 NOTE
r-oldrel-windows-x86_64 0.2.0 10.00 72.00 82.00 NOTE

Check Details

Version: 0.2.0
Check: LazyData
Result: NOTE 'LazyData' is specified without a 'data' directory Flavors: r-devel-linux-x86_64-debian-clang, r-devel-linux-x86_64-debian-gcc, r-devel-linux-x86_64-fedora-clang, r-devel-linux-x86_64-fedora-gcc, r-devel-windows-x86_64, r-patched-linux-x86_64, r-release-linux-x86_64, r-release-macos-arm64, r-release-macos-x86_64, r-release-windows-x86_64, r-oldrel-macos-arm64, r-oldrel-macos-x86_64, r-oldrel-windows-x86_64

Version: 0.2.0
Check: dependencies in R code
Result: NOTE Namespace in Imports field not imported from: ‘stringi’ All declared Imports should be used. Flavors: r-devel-linux-x86_64-fedora-clang, r-devel-linux-x86_64-fedora-gcc