Last updated on 2023-11-29 18:49:02 CET.
Flavor | Version | Tinstall | Tcheck | Ttotal | Status | Flags |
---|---|---|---|---|---|---|
r-devel-linux-x86_64-debian-clang | 1.4.2-1 | 228.96 | 391.02 | 619.98 | OK | |
r-devel-linux-x86_64-debian-gcc | 1.4.2-1 | 147.35 | 293.34 | 440.69 | OK | |
r-devel-linux-x86_64-fedora-clang | 1.4.2-1 | 894.44 | OK | |||
r-devel-linux-x86_64-fedora-gcc | 1.4.2-1 | 854.46 | OK | |||
r-devel-windows-x86_64 | 1.4.2-1 | 166.00 | 308.00 | 474.00 | OK | |
r-patched-linux-x86_64 | 1.4.2-1 | 149.95 | 381.38 | 531.33 | OK | |
r-release-linux-x86_64 | 1.4.2-1 | 128.14 | 362.97 | 491.11 | OK | |
r-release-macos-arm64 | 1.4.2-1 | 228.00 | NOTE | |||
r-release-macos-x86_64 | 1.4.2-1 | 365.00 | NOTE | |||
r-release-windows-x86_64 | 1.4.2-1 | 223.00 | 414.00 | 637.00 | OK | |
r-oldrel-macos-arm64 | 1.4.2-1 | 221.00 | NOTE | |||
r-oldrel-macos-x86_64 | 1.4.1 | 143.00 | NOTE | |||
r-oldrel-windows-x86_64 | 1.4.2-1 | 213.00 | 350.00 | 563.00 | OK |
Version: 1.4.2-1
Check: installed package size
Result: NOTE
installed size is 9.4Mb
sub-directories of 1Mb or more:
R 2.1Mb
extdata 1.6Mb
libs 5.0Mb
Flavors: r-release-macos-arm64, r-release-macos-x86_64, r-oldrel-macos-arm64
Version: 1.4.1
Check: installed package size
Result: NOTE
installed size is 7.3Mb
sub-directories of 1Mb or more:
libs 4.8Mb
Flavor: r-oldrel-macos-x86_64