Last updated on 2023-12-09 18:54:32 CET.
Flavor | Version | Tinstall | Tcheck | Ttotal | Status | Flags |
---|---|---|---|---|---|---|
r-devel-linux-x86_64-debian-clang | 1.6.1 | 196.28 | 102.33 | 298.61 | OK | |
r-devel-linux-x86_64-debian-gcc | 1.6.1 | 158.36 | 90.02 | 248.38 | OK | |
r-devel-linux-x86_64-fedora-clang | 1.6.1 | 415.62 | OK | |||
r-devel-linux-x86_64-fedora-gcc | 1.6.1 | 503.46 | OK | |||
r-devel-windows-x86_64 | 1.6.1 | 138.00 | 124.00 | 262.00 | OK | |
r-patched-linux-x86_64 | 1.4.0 | 203.02 | 210.93 | 413.95 | OK | |
r-release-linux-x86_64 | 1.4.0 | 163.09 | 206.31 | 369.40 | OK | |
r-release-macos-arm64 | 1.6.1 | 111.00 | NOTE | |||
r-release-macos-x86_64 | 1.6.1 | 142.00 | NOTE | |||
r-release-windows-x86_64 | 1.4.0 | 197.00 | 260.00 | 457.00 | OK | |
r-oldrel-macos-arm64 | 1.6.1 | 98.00 | NOTE | |||
r-oldrel-macos-x86_64 | 1.4.0 | 182.00 | NOTE | |||
r-oldrel-windows-x86_64 | 1.4.0 | 181.00 | 245.00 | 426.00 | OK |
Version: 1.6.1
Check: installed package size
Result: NOTE
installed size is 31.7Mb
sub-directories of 1Mb or more:
libs 31.1Mb
Flavors: r-release-macos-arm64, r-release-macos-x86_64, r-oldrel-macos-arm64
Version: 1.4.0
Check: installed package size
Result: NOTE
installed size is 33.3Mb
sub-directories of 1Mb or more:
libs 32.4Mb
Flavor: r-oldrel-macos-x86_64