Last updated on 2023-12-02 18:53:57 CET.
Flavor | Version | Tinstall | Tcheck | Ttotal | Status | Flags |
---|---|---|---|---|---|---|
r-devel-linux-x86_64-debian-clang | 1.4.3 | 11.10 | 110.90 | 122.00 | OK | |
r-devel-linux-x86_64-debian-gcc | 1.4.3 | 9.43 | 80.19 | 89.62 | OK | |
r-devel-linux-x86_64-fedora-clang | 1.4.3 | 147.09 | NOTE | |||
r-devel-linux-x86_64-fedora-gcc | 1.4.3 | 150.87 | NOTE | |||
r-devel-windows-x86_64 | 1.4.3 | 12.00 | 107.00 | 119.00 | OK | |
r-patched-linux-x86_64 | 1.4.3 | 8.38 | 105.13 | 113.51 | OK | |
r-release-linux-x86_64 | 1.4.3 | 7.25 | 93.83 | 101.08 | OK | |
r-release-macos-arm64 | 1.4.3 | 51.00 | OK | |||
r-release-macos-x86_64 | 1.4.3 | 81.00 | OK | |||
r-release-windows-x86_64 | 1.4.3 | 15.00 | 129.00 | 144.00 | OK | |
r-oldrel-macos-arm64 | 1.4.3 | 41.00 | NOTE | |||
r-oldrel-macos-x86_64 | 1.4.3 | 62.00 | NOTE | |||
r-oldrel-windows-x86_64 | 1.4.3 | 15.00 | 127.00 | 142.00 | OK |
Version: 1.4.3
Check: dependencies in R code
Result: NOTE
Namespace in Imports field not imported from: ‘maps’
All declared Imports should be used.
Flavors: r-devel-linux-x86_64-fedora-clang, r-devel-linux-x86_64-fedora-gcc, r-oldrel-macos-arm64, r-oldrel-macos-x86_64