CRAN Package Check Results for Package slimrec

Last updated on 2024-02-24 18:55:04 CET.

Flavor Version Tinstall Tcheck Ttotal Status Flags
r-devel-linux-x86_64-debian-clang 0.1.0 8.27 79.77 88.04 NOTE
r-devel-linux-x86_64-debian-gcc 0.1.0 6.79 61.26 68.05 NOTE
r-devel-linux-x86_64-fedora-clang 0.1.0 109.93 NOTE
r-devel-linux-x86_64-fedora-gcc 0.1.0 108.12 NOTE
r-devel-windows-x86_64 0.1.0 8.00 77.00 85.00 NOTE
r-patched-linux-x86_64 0.1.0 8.30 78.52 86.82 NOTE
r-release-linux-x86_64 0.1.0 9.13 78.37 87.50 NOTE
r-release-macos-arm64 0.1.0 37.00 NOTE
r-release-macos-x86_64 0.1.0 59.00 NOTE
r-release-windows-x86_64 0.1.0 9.00 88.00 97.00 NOTE
r-oldrel-macos-arm64 0.1.0 35.00 OK
r-oldrel-windows-x86_64 0.1.0 9.00 92.00 101.00 OK

Check Details

Version: 0.1.0
Check: package subdirectories
Result: NOTE Problems with news in ‘NEWS.md’: No news entries found. Flavors: r-devel-linux-x86_64-debian-clang, r-devel-linux-x86_64-debian-gcc, r-devel-linux-x86_64-fedora-clang, r-devel-linux-x86_64-fedora-gcc, r-devel-windows-x86_64, r-patched-linux-x86_64, r-release-linux-x86_64, r-release-macos-arm64, r-release-macos-x86_64, r-release-windows-x86_64