CRAN Package Check Results for Package smacofx

Last updated on 2024-02-21 18:51:17 CET.

Flavor Version Tinstall Tcheck Ttotal Status Flags
r-devel-linux-x86_64-debian-clang 0.6-6 NOTE
r-devel-linux-x86_64-debian-gcc 0.6-6 21.21 151.73 172.94 NOTE
r-devel-linux-x86_64-fedora-clang 0.6-6 294.52 OK
r-devel-linux-x86_64-fedora-gcc 0.6-6 281.97 OK
r-devel-windows-x86_64 0.6-6 23.00 161.00 184.00 OK
r-patched-linux-x86_64 0.6-6 33.22 207.29 240.51 OK
r-release-linux-x86_64 0.6-6 27.38 203.17 230.55 OK
r-release-macos-arm64 0.6-6 60.00 OK
r-release-macos-x86_64 0.6-6 85.00 OK
r-release-windows-x86_64 0.6-6 30.00 201.00 231.00 OK
r-oldrel-macos-arm64 0.6-6 69.00 OK
r-oldrel-windows-x86_64 0.6-6 32.00 200.00 232.00 OK

Check Details

Version: 0.6-6
Check: Rd files
Result: NOTE checkRd: (-1) bcmds.Rd:111: Lost braces; missing escapes or markup? 111 | This function minimizes the Box-Cox Stress of Chen & Buja (2013) via gradient descent. This is a ratio metric scaling method. The transformations are not straightforward to interpret but mu is associated with fitted distances in the configuration and lambda with the dissimilarities. Concretely for fitted distances (attraction part) it is BC_{mu+lambda}(d(X)) and for the repulsion part it is delta^lambdaBC_{mu}(d(X)) with BC being the one-parameter Box Cox transformation. | ^ checkRd: (-1) bcmds.Rd:111: Lost braces; missing escapes or markup? 111 | This function minimizes the Box-Cox Stress of Chen & Buja (2013) via gradient descent. This is a ratio metric scaling method. The transformations are not straightforward to interpret but mu is associated with fitted distances in the configuration and lambda with the dissimilarities. Concretely for fitted distances (attraction part) it is BC_{mu+lambda}(d(X)) and for the repulsion part it is delta^lambdaBC_{mu}(d(X)) with BC being the one-parameter Box Cox transformation. | ^ Flavors: r-devel-linux-x86_64-debian-clang, r-devel-linux-x86_64-debian-gcc