Last updated on 2023-11-30 18:49:45 CET.
Flavor | Version | Tinstall | Tcheck | Ttotal | Status | Flags |
---|---|---|---|---|---|---|
r-devel-linux-x86_64-debian-clang | 1.7.1 | 10.29 | 149.40 | 159.69 | OK | |
r-devel-linux-x86_64-debian-gcc | 1.7.1 | 7.79 | 110.32 | 118.11 | OK | |
r-devel-linux-x86_64-fedora-clang | 1.7.1 | 189.96 | NOTE | |||
r-devel-linux-x86_64-fedora-gcc | 1.7.1 | 208.00 | OK | |||
r-devel-windows-x86_64 | 1.7.1 | 9.00 | 119.00 | 128.00 | OK | |
r-patched-linux-x86_64 | 1.7.1 | 8.12 | 142.28 | 150.40 | OK | |
r-release-linux-x86_64 | 1.7.1 | 8.13 | 141.25 | 149.38 | OK | |
r-release-macos-arm64 | 1.7.1 | 70.00 | OK | |||
r-release-macos-x86_64 | 1.7.1 | 107.00 | OK | |||
r-release-windows-x86_64 | 1.7.1 | 12.00 | 151.00 | 163.00 | OK | |
r-oldrel-macos-arm64 | 1.7.1 | 57.00 | OK | |||
r-oldrel-macos-x86_64 | 1.7.1 | 74.00 | OK | |||
r-oldrel-windows-x86_64 | 1.7.1 | 12.00 | 154.00 | 166.00 | OK |
Version: 1.7.1
Check: Rd cross-references
Result: NOTE
Undeclared package ‘mice’ in Rd xrefs
Flavor: r-devel-linux-x86_64-fedora-clang