Last updated on 2023-11-27 18:51:25 CET.
Flavor | Version | Tinstall | Tcheck | Ttotal | Status | Flags |
---|---|---|---|---|---|---|
r-devel-linux-x86_64-debian-clang | 2.1.0 | 68.83 | 78.80 | 147.63 | NOTE | |
r-devel-linux-x86_64-debian-gcc | 2.1.0 | 50.12 | 59.66 | 109.78 | NOTE | |
r-devel-linux-x86_64-fedora-clang | 2.1.0 | WARN | ||||
r-devel-linux-x86_64-fedora-gcc | 2.1.0 | 192.98 | NOTE | |||
r-devel-windows-x86_64 | 2.1.0 | 54.00 | 98.00 | 152.00 | NOTE | |
r-patched-linux-x86_64 | 2.1.0 | 55.80 | 73.20 | 129.00 | NOTE | |
r-release-linux-x86_64 | 2.1.0 | 40.15 | 73.22 | 113.37 | NOTE | |
r-release-macos-arm64 | 2.1.0 | 53.00 | NOTE | |||
r-release-macos-x86_64 | 2.1.0 | 88.00 | NOTE | |||
r-release-windows-x86_64 | 2.1.0 | 67.00 | 118.00 | 185.00 | NOTE | |
r-oldrel-macos-arm64 | 2.1.0 | 47.00 | NOTE | |||
r-oldrel-macos-x86_64 | 2.1.0 | 77.00 | NOTE | |||
r-oldrel-windows-x86_64 | 2.1.0 | 64.00 | 107.00 | 171.00 | NOTE |
Version: 2.1.0
Check: LazyData
Result: NOTE
'LazyData' is specified without a 'data' directory
Flavors: r-devel-linux-x86_64-debian-clang, r-devel-linux-x86_64-debian-gcc, r-devel-linux-x86_64-fedora-clang, r-devel-linux-x86_64-fedora-gcc, r-devel-windows-x86_64, r-patched-linux-x86_64, r-release-linux-x86_64, r-release-macos-arm64, r-release-macos-x86_64, r-release-windows-x86_64, r-oldrel-macos-arm64, r-oldrel-macos-x86_64, r-oldrel-windows-x86_64
Version: 2.1.0
Check: whether package can be installed
Result: WARN
Found the following significant warnings:
RcppExports.cpp:54:18: warning: format string is not a string literal (potentially insecure) [-Wformat-security]
See ‘/data/gannet/ripley/R/packages/tests-clang/smog.Rcheck/00install.out’ for details.
* used C++ compiler: ‘clang version 17.0.5’
Flavor: r-devel-linux-x86_64-fedora-clang
Version: 2.1.0
Check: dependencies in R code
Result: NOTE
Namespaces in Imports field not imported from:
‘Rdpack’ ‘rmarkdown’
All declared Imports should be used.
Flavors: r-devel-linux-x86_64-fedora-clang, r-devel-linux-x86_64-fedora-gcc, r-oldrel-macos-arm64, r-oldrel-macos-x86_64