Last updated on 2023-12-10 18:52:25 CET.
Flavor | Version | Tinstall | Tcheck | Ttotal | Status | Flags |
---|---|---|---|---|---|---|
r-devel-linux-x86_64-debian-clang | 4.0.0 | 209.13 | 587.28 | 796.41 | NOTE | |
r-devel-linux-x86_64-debian-gcc | 4.0.0 | 166.10 | 417.16 | 583.26 | NOTE | |
r-devel-linux-x86_64-fedora-clang | 4.0.0 | 1032.27 | NOTE | |||
r-devel-linux-x86_64-fedora-gcc | 4.0.0 | 1021.66 | OK | |||
r-devel-windows-x86_64 | 4.0.0 | 169.00 | 196.00 | 365.00 | NOTE | --no-vignettes |
r-patched-linux-x86_64 | 4.0.0 | 177.75 | 529.83 | 707.58 | OK | |
r-release-linux-x86_64 | 4.0.0 | 158.69 | 539.85 | 698.54 | OK | |
r-release-macos-arm64 | 4.0.0 | 263.00 | NOTE | |||
r-release-macos-x86_64 | 4.0.0 | 579.00 | NOTE | |||
r-release-windows-x86_64 | 4.0.0 | 217.00 | 214.00 | 431.00 | NOTE | --no-vignettes |
r-oldrel-macos-arm64 | 4.0.0 | 242.00 | NOTE | |||
r-oldrel-macos-x86_64 | 4.0.0 | 308.00 | NOTE | |||
r-oldrel-windows-x86_64 | 4.0.0 | 213.00 | 185.00 | 398.00 | NOTE | --no-vignettes |
Version: 4.0.0
Check: Rd files
Result: NOTE
checkRd: (-1) cma.Rd:53: Lost braces; missing escapes or markup?
53 | phi_i = {0.5,1,1,...,0.5} / order
| ^
Flavors: r-devel-linux-x86_64-debian-clang, r-devel-linux-x86_64-debian-gcc
Version: 4.0.0
Check: installed package size
Result: NOTE
installed size is 5.9Mb
sub-directories of 1Mb or more:
R 1.2Mb
doc 3.3Mb
Flavors: r-devel-linux-x86_64-fedora-clang, r-release-macos-arm64, r-release-macos-x86_64, r-oldrel-macos-arm64, r-oldrel-macos-x86_64
Version: 4.0.0
Flags: --no-vignettes
Check: package dependencies
Result: NOTE
Package suggested but not available for checking: 'doMC'
Flavors: r-devel-windows-x86_64, r-release-windows-x86_64, r-oldrel-windows-x86_64
Version: 4.0.0
Flags: --no-vignettes
Check: installed package size
Result: NOTE
installed size is 6.6Mb
sub-directories of 1Mb or more:
R 1.3Mb
doc 3.3Mb
libs 1.7Mb
Flavors: r-devel-windows-x86_64, r-release-windows-x86_64, r-oldrel-windows-x86_64