CRAN Package Check Results for Package snakecase

Last updated on 2024-02-22 18:50:38 CET.

Flavor Version Tinstall Tcheck Ttotal Status Flags
r-devel-linux-x86_64-debian-clang 0.11.1 OK
r-devel-linux-x86_64-debian-gcc 0.11.1 1.44 34.13 35.57 OK
r-devel-linux-x86_64-fedora-clang 0.11.1 60.39 OK
r-devel-linux-x86_64-fedora-gcc 0.11.1 68.23 OK
r-devel-windows-x86_64 0.11.1 3.00 57.00 60.00 OK
r-patched-linux-x86_64 0.11.1 2.83 43.97 46.80 OK
r-release-linux-x86_64 0.11.1 2.42 43.42 45.84 OK
r-release-macos-arm64 0.11.1 43.00 OK
r-release-macos-x86_64 0.11.1 57.00 OK
r-release-windows-x86_64 0.11.1 4.00 61.00 65.00 OK
r-oldrel-macos-arm64 0.11.1 25.00 OK
r-oldrel-windows-x86_64 0.11.1 5.00 64.00 69.00 WARN

Check Details

Version: 0.11.1
Check: R files for syntax errors
Result: WARN Warnings in file 'R/replace_special_characters_internal.R': unable to translate '<U+00C4>' to native encoding unable to translate '<U+00D6>' to native encoding unable to translate '<U+00DC>' to native encoding unable to translate '<U+00E4>' to native encoding unable to translate '<U+00F6>' to native encoding unable to translate '<U+00FC>' to native encoding unable to translate '<U+00DF>' to native encoding unable to translate '<U+00C6>' to native encoding unable to translate '<U+00E6>' to native encoding unable to translate '<U+00D8>' to native encoding unable to translate '<U+00F8>' to native encoding unable to translate '<U+00C5>' to native encoding unable to translate '<U+00E5>' to native encoding unable to translate '<U+00C6>' to native encoding unable to translate '<U+00E6>' to native encoding unable to translate '<U+00D8>' to native encoding unable to translate '<U+00F8>' to native encoding unable to translate '<U+00C6>' to native encoding unable to translate '<U+00E6>' to native encoding unable to translate '<U+00D8>' to native encoding unable to translate '<U+00F8>' to native encoding unable to translate '<U+00C5>' to native encoding unable to translate '<U+00E5>' to native encoding Flavor: r-oldrel-windows-x86_64