Last updated on 2023-11-28 18:49:34 CET.
Flavor | Version | Tinstall | Tcheck | Ttotal | Status | Flags |
---|---|---|---|---|---|---|
r-devel-linux-x86_64-debian-clang | 2.14.0 | 4.45 | 40.74 | 45.19 | NOTE | |
r-devel-linux-x86_64-debian-gcc | 2.14.0 | 3.31 | 30.67 | 33.98 | NOTE | |
r-devel-linux-x86_64-fedora-clang | 2.14.0 | 55.78 | NOTE | |||
r-devel-linux-x86_64-fedora-gcc | 2.14.0 | 53.03 | NOTE | |||
r-devel-windows-x86_64 | 2.14.0 | 5.00 | 72.00 | 77.00 | NOTE | |
r-patched-linux-x86_64 | 2.14.0 | 6.04 | 38.70 | 44.74 | NOTE | |
r-release-linux-x86_64 | 2.14.0 | 4.16 | 38.92 | 43.08 | NOTE | |
r-release-macos-arm64 | 2.14.0 | 22.00 | NOTE | |||
r-release-macos-x86_64 | 2.14.0 | 30.00 | NOTE | |||
r-release-windows-x86_64 | 2.14.0 | 7.00 | 76.00 | 83.00 | NOTE | |
r-oldrel-macos-arm64 | 2.14.0 | 21.00 | OK | |||
r-oldrel-macos-x86_64 | 2.14.0 | 28.00 | OK | |||
r-oldrel-windows-x86_64 | 2.14.0 | 8.00 | 61.00 | 69.00 | OK |
Version: 2.14.0
Check: dependencies in R code
Result: NOTE
There are ::: calls to the package's namespace in its code. A package
almost never needs to use ::: for its own objects:
‘.solveEnv’
Flavors: r-devel-linux-x86_64-debian-clang, r-devel-linux-x86_64-debian-gcc, r-devel-linux-x86_64-fedora-clang, r-devel-linux-x86_64-fedora-gcc, r-devel-windows-x86_64, r-patched-linux-x86_64, r-release-linux-x86_64, r-release-macos-arm64, r-release-macos-x86_64, r-release-windows-x86_64