Last updated on 2023-12-05 18:49:39 CET.
Flavor | Version | Tinstall | Tcheck | Ttotal | Status | Flags |
---|---|---|---|---|---|---|
r-devel-linux-x86_64-debian-clang | 0.0.9.2 | 7.31 | 63.54 | 70.85 | OK | |
r-devel-linux-x86_64-debian-gcc | 0.0.9.2 | 5.92 | 47.31 | 53.23 | OK | |
r-devel-linux-x86_64-fedora-clang | 0.0.9.2 | 95.30 | NOTE | |||
r-devel-linux-x86_64-fedora-gcc | 0.0.9.2 | 103.10 | NOTE | |||
r-devel-windows-x86_64 | 0.0.9.2 | 9.00 | 67.00 | 76.00 | OK | |
r-patched-linux-x86_64 | 0.0.9.2 | 5.72 | 60.08 | 65.80 | OK | |
r-release-linux-x86_64 | 0.0.9.2 | 6.80 | 59.81 | 66.61 | OK | |
r-release-macos-arm64 | 0.0.9.2 | 35.00 | OK | |||
r-release-macos-x86_64 | 0.0.9.2 | 51.00 | OK | |||
r-release-windows-x86_64 | 0.0.9.2 | 10.00 | 75.00 | 85.00 | OK | |
r-oldrel-macos-arm64 | 0.0.9.2 | 27.00 | NOTE | |||
r-oldrel-macos-x86_64 | 0.0.9.2 | 42.00 | NOTE | |||
r-oldrel-windows-x86_64 | 0.0.9.2 | 12.00 | 79.00 | 91.00 | OK |
Version: 0.0.9.2
Check: dependencies in R code
Result: NOTE
Namespaces in Imports field not imported from:
‘RSQLite’ ‘dbplyr’
All declared Imports should be used.
Flavors: r-devel-linux-x86_64-fedora-clang, r-devel-linux-x86_64-fedora-gcc, r-oldrel-macos-arm64, r-oldrel-macos-x86_64