Last updated on 2023-12-10 18:52:26 CET.
Flavor | Version | Tinstall | Tcheck | Ttotal | Status | Flags |
---|---|---|---|---|---|---|
r-devel-linux-x86_64-debian-clang | 1.1 | 17.07 | 132.73 | 149.80 | OK | |
r-devel-linux-x86_64-debian-gcc | 1.1 | 12.36 | 99.75 | 112.11 | OK | |
r-devel-linux-x86_64-fedora-clang | 1.1 | 189.81 | NOTE | |||
r-devel-linux-x86_64-fedora-gcc | 1.1 | 183.85 | NOTE | |||
r-devel-windows-x86_64 | 1.1 | 15.00 | 108.00 | 123.00 | NOTE | |
r-patched-linux-x86_64 | 1.1 | 15.02 | 128.54 | 143.56 | OK | |
r-release-linux-x86_64 | 1.1 | 12.84 | 129.09 | 141.93 | OK | |
r-release-macos-arm64 | 1.1 | 59.00 | NOTE | |||
r-release-macos-x86_64 | 1.1 | 92.00 | NOTE | |||
r-release-windows-x86_64 | 1.1 | 19.00 | 133.00 | 152.00 | NOTE | |
r-oldrel-macos-arm64 | 1.1 | 56.00 | NOTE | |||
r-oldrel-macos-x86_64 | 1.1 | 71.00 | NOTE | |||
r-oldrel-windows-x86_64 | 1.1 | 20.00 | 133.00 | 153.00 | NOTE |
Version: 1.1
Check: installed package size
Result: NOTE
installed size is 5.7Mb
sub-directories of 1Mb or more:
data 4.1Mb
help 1.6Mb
Flavors: r-devel-linux-x86_64-fedora-clang, r-devel-windows-x86_64, r-release-macos-arm64, r-release-macos-x86_64, r-release-windows-x86_64, r-oldrel-macos-arm64, r-oldrel-macos-x86_64, r-oldrel-windows-x86_64
Version: 1.1
Check: data for non-ASCII characters
Result: NOTE
Note: found 34 marked UTF-8 strings
Flavors: r-devel-linux-x86_64-fedora-clang, r-devel-linux-x86_64-fedora-gcc, r-oldrel-macos-arm64, r-oldrel-macos-x86_64