Last updated on 2023-12-02 18:53:58 CET.
Flavor | Version | Tinstall | Tcheck | Ttotal | Status | Flags |
---|---|---|---|---|---|---|
r-devel-linux-x86_64-debian-clang | 0.7.2 | 159.78 | 392.26 | 552.04 | OK | |
r-devel-linux-x86_64-debian-gcc | 0.7.2 | 125.24 | 283.52 | 408.76 | OK | |
r-devel-linux-x86_64-fedora-clang | 0.7.2 | 722.03 | OK | |||
r-devel-linux-x86_64-fedora-gcc | 0.7.2 | 686.52 | OK | |||
r-devel-windows-x86_64 | 0.7.2 | 125.00 | 322.00 | 447.00 | OK | |
r-patched-linux-x86_64 | 0.7.2 | 115.76 | 374.28 | 490.04 | OK | |
r-release-linux-x86_64 | 0.7.2 | 119.46 | 376.34 | 495.80 | OK | |
r-release-macos-arm64 | 0.7.2 | 186.00 | NOTE | |||
r-release-macos-x86_64 | 0.7.2 | 262.00 | NOTE | |||
r-release-windows-x86_64 | 0.7.2 | 167.00 | 404.00 | 571.00 | OK | |
r-oldrel-macos-arm64 | 0.7.2 | 157.00 | NOTE | |||
r-oldrel-macos-x86_64 | 0.7.1 | 189.00 | NOTE | |||
r-oldrel-windows-x86_64 | 0.7.2 | 151.00 | 376.00 | 527.00 | OK |
Version: 0.7.2
Check: installed package size
Result: NOTE
installed size is 6.1Mb
sub-directories of 1Mb or more:
R 2.0Mb
libs 2.9Mb
Flavors: r-release-macos-arm64, r-release-macos-x86_64, r-oldrel-macos-arm64
Version: 0.7.1
Check: installed package size
Result: NOTE
installed size is 5.1Mb
sub-directories of 1Mb or more:
R 1.6Mb
libs 2.3Mb
Flavor: r-oldrel-macos-x86_64