CRAN Package Check Results for Package spaceNet

Last updated on 2024-04-21 20:53:38 CEST.

Flavor Version Tinstall Tcheck Ttotal Status Flags
r-devel-linux-x86_64-debian-clang 1.2 4.58 44.48 49.06 NOTE
r-devel-linux-x86_64-debian-gcc 1.2 3.28 32.44 35.72 NOTE
r-devel-linux-x86_64-fedora-clang 1.2 61.26 NOTE
r-devel-linux-x86_64-fedora-gcc 1.2 58.21 NOTE
r-prerel-macos-arm64 1.2 22.00 NOTE
r-prerel-windows-x86_64 1.2 7.00 53.00 60.00 NOTE
r-patched-linux-x86_64 1.2 3.79 41.94 45.73 NOTE
r-release-linux-x86_64 1.2 3.99 41.76 45.75 OK
r-release-macos-arm64 1.2 23.00 OK
r-release-macos-x86_64 1.2 31.00 OK
r-release-windows-x86_64 1.2 6.00 59.00 65.00 OK
r-oldrel-macos-arm64 1.2 23.00 OK
r-oldrel-windows-x86_64 1.2 5.00 64.00 69.00 OK

Check Details

Version: 1.2
Check: Rd files
Result: NOTE checkRd: (-1) heuSearch.Rd:24: Lost braces in \itemize; \value handles \item{}{} directly checkRd: (-1) heuSearch.Rd:25: Lost braces in \itemize; \value handles \item{}{} directly checkRd: (-1) heuSearch.Rd:26: Lost braces in \itemize; \value handles \item{}{} directly checkRd: (-1) multiNet.Rd:124: Lost braces in \itemize; meant \describe ? checkRd: (-1) multiNet.Rd:125: Lost braces in \itemize; meant \describe ? checkRd: (-1) multiNet.Rd:126-137: Lost braces in \itemize; meant \describe ? checkRd: (-1) multiNet.Rd:128: Lost braces in \itemize; meant \describe ? checkRd: (-1) multiNet.Rd:129-134: Lost braces in \itemize; meant \describe ? checkRd: (-1) multiNet.Rd:138-147: Lost braces in \itemize; meant \describe ? checkRd: (-1) multiNet.Rd:142: Lost braces in \itemize; meant \describe ? checkRd: (-1) multiNet.Rd:143: Lost braces in \itemize; meant \describe ? checkRd: (-1) multiNet.Rd:144: Lost braces in \itemize; meant \describe ? checkRd: (-1) multiNet.Rd:152: Lost braces in \itemize; meant \describe ? checkRd: (-1) multiNet.Rd:153: Lost braces in \itemize; meant \describe ? checkRd: (-1) multiNet.Rd:154: Lost braces in \itemize; meant \describe ? checkRd: (-1) multiNet.Rd:67: Lost braces in \itemize; \value handles \item{}{} directly checkRd: (-1) multiNet.Rd:68: Lost braces in \itemize; \value handles \item{}{} directly checkRd: (-1) multiNet.Rd:69: Lost braces in \itemize; \value handles \item{}{} directly checkRd: (-1) multiNet.Rd:70: Lost braces in \itemize; \value handles \item{}{} directly checkRd: (-1) multiNet.Rd:71: Lost braces in \itemize; \value handles \item{}{} directly checkRd: (-1) multiNet.Rd:77: Lost braces in \itemize; \value handles \item{}{} directly checkRd: (-1) multiNet.Rd:78: Lost braces in \itemize; \value handles \item{}{} directly checkRd: (-1) multiNet.Rd:79: Lost braces in \itemize; \value handles \item{}{} directly checkRd: (-1) multiNet.Rd:80: Lost braces in \itemize; \value handles \item{}{} directly checkRd: (-1) multiNet.Rd:81: Lost braces in \itemize; \value handles \item{}{} directly checkRd: (-1) multiNet.Rd:82: Lost braces in \itemize; \value handles \item{}{} directly checkRd: (-1) multiNet.Rd:89: Lost braces in \itemize; \value handles \item{}{} directly checkRd: (-1) multiNet.Rd:90: Lost braces in \itemize; \value handles \item{}{} directly checkRd: (-1) multiNet.Rd:91: Lost braces in \itemize; \value handles \item{}{} directly checkRd: (-1) multiNet.Rd:97: Lost braces in \itemize; \value handles \item{}{} directly checkRd: (-1) multiNet.Rd:98: Lost braces in \itemize; \value handles \item{}{} directly checkRd: (-1) multiNet.Rd:99: Lost braces in \itemize; \value handles \item{}{} directly checkRd: (-1) multiNet.Rd:100: Lost braces in \itemize; \value handles \item{}{} directly checkRd: (-1) multiNet.Rd:101: Lost braces in \itemize; \value handles \item{}{} directly checkRd: (-1) multiNet.Rd:102: Lost braces in \itemize; \value handles \item{}{} directly checkRd: (-1) multiNet.Rd:103: Lost braces in \itemize; \value handles \item{}{} directly Flavors: r-devel-linux-x86_64-debian-clang, r-devel-linux-x86_64-debian-gcc, r-devel-linux-x86_64-fedora-clang, r-devel-linux-x86_64-fedora-gcc, r-prerel-macos-arm64, r-prerel-windows-x86_64, r-patched-linux-x86_64