CRAN Package Check Results for Package sparklyr

Last updated on 2023-06-05 20:57:52 CEST.

Flavor Version Tinstall Tcheck Ttotal Status Flags
r-devel-linux-x86_64-debian-clang 1.8.1 39.38 213.73 253.11 OK
r-devel-linux-x86_64-debian-gcc 1.8.1 28.03 157.15 185.18 OK
r-devel-linux-x86_64-fedora-clang 1.8.1 333.87 NOTE
r-devel-linux-x86_64-fedora-gcc 1.8.1 288.89 OK
r-devel-windows-x86_64 1.8.1 32.00 210.00 242.00 NOTE
r-patched-linux-x86_64 1.8.1 41.64 196.56 238.20 OK
r-release-linux-x86_64 1.8.1 23.76 201.81 225.57 OK
r-release-macos-arm64 1.8.1 83.00 NOTE
r-release-macos-x86_64 1.8.1 136.00 NOTE
r-release-windows-x86_64 1.8.1 43.00 255.00 298.00 NOTE
r-oldrel-macos-arm64 1.8.1 63.00 NOTE
r-oldrel-macos-x86_64 1.8.1 100.00 NOTE
r-oldrel-windows-x86_64 1.8.1 45.00 185.00 230.00 NOTE

Check Details

Version: 1.8.1
Check: package dependencies
Result: NOTE
    Imports includes 28 non-default packages.
    Importing from so many packages makes the package vulnerable to any of
    them becoming unavailable. Move as many as possible to Suggests and
    use conditionally.
Flavor: r-devel-linux-x86_64-fedora-clang

Version: 1.8.1
Check: installed package size
Result: NOTE
     installed size is 6.3Mb
     sub-directories of 1Mb or more:
     R 1.5Mb
     java 3.4Mb
Flavors: r-devel-linux-x86_64-fedora-clang, r-devel-windows-x86_64, r-release-macos-arm64, r-release-macos-x86_64, r-release-windows-x86_64, r-oldrel-macos-arm64, r-oldrel-macos-x86_64, r-oldrel-windows-x86_64

Version: 1.8.1
Check: dependencies in R code
Result: NOTE
     #STDOFF 2:05:08.9
     #STDOFF 8:05:43.2
     #STDOFF 7:36:41.7
     #STDOFF -0:25:21.1
     #STDOFF 1:39:49.2
     #STDOFF -0:36:44.68
     #STDOFF -4:56:01.6
     #STDOFF -3:58:29.2
     #STDOFF -4:19:18.3
     #STDOFF -5:36:13.3
     #STDOFF -4:56:16.4
     #STDOFF 2:05:08.9
     #STDOFF 8:05:43.2
     #STDOFF 7:36:41.7
     #STDOFF -0:25:21.1
     #STDOFF 1:39:49.2
     #STDOFF -0:36:44.68
     #STDOFF -4:56:01.6
     #STDOFF -3:58:29.2
     #STDOFF -4:19:18.3
     #STDOFF -5:36:13.3
     #STDOFF -4:56:16.4
Flavors: r-devel-windows-x86_64, r-release-windows-x86_64, r-oldrel-windows-x86_64