CRAN Package Check Results for Package sparseHessianFD

Last updated on 2023-11-28 18:49:34 CET.

Flavor Version Tinstall Tcheck Ttotal Status Flags
r-devel-linux-x86_64-debian-clang 0.3.3.7 33.77 94.87 128.64 NOTE
r-devel-linux-x86_64-debian-gcc 0.3.3.7 26.37 73.21 99.58 NOTE
r-devel-linux-x86_64-fedora-clang 0.3.3.7 185.43 NOTE
r-devel-linux-x86_64-fedora-gcc 0.3.3.7 187.17 NOTE
r-devel-windows-x86_64 0.3.3.7 31.00 137.00 168.00 NOTE
r-patched-linux-x86_64 0.3.3.7 35.32 93.33 128.65 NOTE
r-release-linux-x86_64 0.3.3.7 31.53 92.40 123.93 NOTE
r-release-macos-arm64 0.3.3.7 66.00 NOTE
r-release-macos-x86_64 0.3.3.7 97.00 NOTE
r-release-windows-x86_64 0.3.3.7 42.00 148.00 190.00 NOTE
r-oldrel-macos-arm64 0.3.3.7 53.00 OK
r-oldrel-macos-x86_64 0.3.3.7 70.00 OK
r-oldrel-windows-x86_64 0.3.3.7 44.00 146.00 190.00 OK

Check Details

Version: 0.3.3.7
Check: C++ specification
Result: NOTE Specified C++11: please drop specification unless essential Flavors: r-devel-linux-x86_64-debian-clang, r-devel-linux-x86_64-debian-gcc, r-devel-linux-x86_64-fedora-clang, r-devel-linux-x86_64-fedora-gcc, r-devel-windows-x86_64, r-patched-linux-x86_64, r-release-linux-x86_64, r-release-macos-arm64, r-release-macos-x86_64, r-release-windows-x86_64

Version: 0.3.3.7
Check: Rd files
Result: NOTE checkRd: (-1) Coord.to.Pointers.Rd:54: Lost braces; missing escapes or markup? 54 | \item{triangle=TRUE}{Input \code{rows} and {cols} represent lower | ^ checkRd: (-1) Coord.to.Pointers.Rd:59: Lost braces; missing escapes or markup? 59 | \item{triangle=FALSE}{Input \code{rows} and {cols} represent a full | ^ Flavors: r-devel-linux-x86_64-debian-clang, r-devel-linux-x86_64-debian-gcc