CRAN Package Check Results for Package sparseLRMatrix

Last updated on 2024-04-22 21:53:01 CEST.

Flavor Version Tinstall Tcheck Ttotal Status Flags
r-devel-linux-x86_64-debian-clang 0.1.0 8.28 70.77 79.05 NOTE
r-devel-linux-x86_64-debian-gcc 0.1.0 5.02 53.16 58.18 NOTE
r-devel-linux-x86_64-fedora-clang 0.1.0 97.86 NOTE
r-devel-linux-x86_64-fedora-gcc 0.1.0 92.06 NOTE
r-prerel-macos-arm64 0.1.0 30.00 NOTE
r-prerel-windows-x86_64 0.1.0 7.00 67.00 74.00 NOTE
r-patched-linux-x86_64 0.1.0 7.27 68.84 76.11 NOTE
r-release-linux-x86_64 0.1.0 8.24 71.99 80.23 NOTE
r-release-macos-arm64 0.1.0 35.00 NOTE
r-release-macos-x86_64 0.1.0 58.00 NOTE
r-release-windows-x86_64 0.1.0 9.00 78.00 87.00 NOTE
r-oldrel-macos-arm64 0.1.0 30.00 NOTE
r-oldrel-windows-x86_64 0.1.0 9.00 86.00 95.00 NOTE

Check Details

Version: 0.1.0
Check: LazyData
Result: NOTE 'LazyData' is specified without a 'data' directory Flavors: r-devel-linux-x86_64-debian-clang, r-devel-linux-x86_64-debian-gcc, r-devel-linux-x86_64-fedora-clang, r-devel-linux-x86_64-fedora-gcc, r-prerel-macos-arm64, r-prerel-windows-x86_64, r-patched-linux-x86_64, r-release-linux-x86_64, r-release-macos-arm64, r-release-macos-x86_64, r-release-windows-x86_64, r-oldrel-macos-arm64, r-oldrel-windows-x86_64