CRAN Package Check Results for Package sparseinv

Last updated on 2024-02-27 18:49:30 CET.

Flavor Version Tinstall Tcheck Ttotal Status Flags
r-devel-linux-x86_64-debian-clang 0.1.3 28.07 91.82 119.89 NOTE
r-devel-linux-x86_64-debian-gcc 0.1.3 21.21 67.75 88.96 NOTE
r-devel-linux-x86_64-fedora-clang 0.1.3 156.24 NOTE
r-devel-linux-x86_64-fedora-gcc 0.1.3 146.94 NOTE
r-devel-windows-x86_64 0.1.3 30.00 97.00 127.00 NOTE
r-patched-linux-x86_64 0.1.3 27.61 89.08 116.69 NOTE
r-release-linux-x86_64 0.1.3 22.14 87.16 109.30 NOTE
r-release-macos-arm64 0.1.3 49.00 NOTE
r-release-macos-x86_64 0.1.3 76.00 NOTE
r-release-windows-x86_64 0.1.3 38.00 116.00 154.00 NOTE
r-oldrel-macos-arm64 0.1.3 47.00 NOTE
r-oldrel-windows-x86_64 0.1.3 36.00 112.00 148.00 NOTE

Check Details

Version: 0.1.3
Check: Rd files
Result: NOTE checkRd: (-1) cholsolveAQinvAT.Rd:5: Lost braces; missing escapes or markup? 5 | \title{Solve the equation X = AQ^{-1}t(A) under permutations} | ^ Flavors: r-devel-linux-x86_64-debian-clang, r-devel-linux-x86_64-debian-gcc, r-devel-linux-x86_64-fedora-clang, r-devel-linux-x86_64-fedora-gcc

Version: 0.1.3
Check: LazyData
Result: NOTE 'LazyData' is specified without a 'data' directory Flavors: r-devel-linux-x86_64-debian-clang, r-devel-linux-x86_64-debian-gcc, r-devel-linux-x86_64-fedora-clang, r-devel-linux-x86_64-fedora-gcc, r-devel-windows-x86_64, r-patched-linux-x86_64, r-release-linux-x86_64, r-release-macos-arm64, r-release-macos-x86_64, r-release-windows-x86_64, r-oldrel-macos-arm64, r-oldrel-windows-x86_64